{"id":45899,"date":"2022-05-26T09:30:18","date_gmt":"2022-05-26T07:30:18","guid":{"rendered":"https:\/\/obera.fr\/nuestros-productos\/aeroevaporadores-industriales-moviles-y-fijos\/"},"modified":"2024-11-18T15:04:29","modified_gmt":"2024-11-18T13:04:29","slug":"aeroevaporadores-industriales-moviles-y-fijos-2","status":"publish","type":"page","link":"https:\/\/obera.fr\/es\/produits\/aeroevaporadores-industriales-moviles-y-fijos-2\/","title":{"rendered":"Aeroevaporadores industriales m\u00f3viles y fijos"},"content":{"rendered":"","protected":false},"excerpt":{"rendered":"","protected":false},"author":4,"featured_media":45904,"parent":37908,"menu_order":5,"comment_status":"closed","ping_status":"closed","template":"","meta":{"_acf_changed":false,"_seopress_robots_primary_cat":"","_seopress_titles_title":"Aeroevaporadores industriales de alto rendimiento para profesionales","_seopress_titles_desc":"Ofrecemos 2 gamas de enfriadores de aire industriales: EcoCLIM, enfriadores adiab\u00e1ticos fijos, y BIOCool, enfriadores adiab\u00e1ticos m\u00f3viles.","_seopress_robots_index":"","footnotes":""},"class_list":{"0":"post-45899","1":"page","2":"type-page","3":"status-publish","4":"has-post-thumbnail","6":"no-featured-image-padding","7":"resize-featured-image"},"acf":[],"_links":{"self":[{"href":"https:\/\/obera.fr\/es\/wp-json\/wp\/v2\/pages\/45899","targetHints":{"allow":["GET"]}}],"collection":[{"href":"https:\/\/obera.fr\/es\/wp-json\/wp\/v2\/pages"}],"about":[{"href":"https:\/\/obera.fr\/es\/wp-json\/wp\/v2\/types\/page"}],"author":[{"embeddable":true,"href":"https:\/\/obera.fr\/es\/wp-json\/wp\/v2\/users\/4"}],"replies":[{"embeddable":true,"href":"https:\/\/obera.fr\/es\/wp-json\/wp\/v2\/comments?post=45899"}],"version-history":[{"count":1,"href":"https:\/\/obera.fr\/es\/wp-json\/wp\/v2\/pages\/45899\/revisions"}],"predecessor-version":[{"id":54289,"href":"https:\/\/obera.fr\/es\/wp-json\/wp\/v2\/pages\/45899\/revisions\/54289"}],"up":[{"embeddable":true,"href":"https:\/\/obera.fr\/es\/wp-json\/wp\/v2\/pages\/37908"}],"wp:featuredmedia":[{"embeddable":true,"href":"https:\/\/obera.fr\/es\/wp-json\/wp\/v2\/media\/45904"}],"wp:attachment":[{"href":"https:\/\/obera.fr\/es\/wp-json\/wp\/v2\/media?parent=45899"}],"curies":[{"name":"wp","href":"https:\/\/api.w.org\/{rel}","templated":true}]}}

Aeroevaporadores industriales móviles y fijos

Ofrecemos 2 gamas de enfriadores de aire industriales: EcoCLIM, enfriadores adiabáticos fijos, y BIOCool, enfriadores adiabáticos móviles.
