{"id":67662,"date":"2020-08-26T16:20:46","date_gmt":"2020-08-26T14:20:46","guid":{"rendered":"https:\/\/obera.fr\/histoire\/"},"modified":"2025-05-15T10:20:23","modified_gmt":"2025-05-15T08:20:23","slug":"histoire","status":"publish","type":"page","link":"https:\/\/obera.fr\/hu\/decouvrir\/histoire\/","title":{"rendered":"Az OberA t\u00f6rt\u00e9nete"},"content":{"rendered":"\n<h2 class=\"wp-block-heading\">Az \u00d6n partnere az eg\u00e9szs\u00e9ges leveg\u0151\u00e9rt a munkahelyen!<\/h2>\n\n<p><\/p>\n\n<figure class=\"wp-block-image alignright size-medium is-resized\"><img decoding=\"async\" width=\"300\" height=\"85\" src=\"https:\/\/obera.fr\/wp-content\/uploads\/2025\/05\/obera-logo-fr-rvb-v2-300x85.png\" alt=\"obera logo en rvb v2\" class=\"wp-image-100991\" srcset=\"https:\/\/obera.fr\/wp-content\/uploads\/2025\/05\/obera-logo-fr-rvb-v2-300x85.png 300w, https:\/\/obera.fr\/wp-content\/uploads\/2025\/05\/obera-logo-fr-rvb-v2-1024x291.png 1024w, https:\/\/obera.fr\/wp-content\/uploads\/2025\/05\/obera-logo-fr-rvb-v2-768x218.png 768w, https:\/\/obera.fr\/wp-content\/uploads\/2025\/05\/obera-logo-fr-rvb-v2-1536x437.png 1536w, https:\/\/obera.fr\/wp-content\/uploads\/2025\/05\/obera-logo-fr-rvb-v2.png 1995w\" sizes=\"(max-width: 300px) 100vw, 300px\" \/><\/figure>\n\n<p>Franciaorsz\u00e1gban a l\u00e9gszennyez\u00e9s \u00e9vente k\u00f6zel 50 000 ember hal\u00e1l\u00e1\u00e9rt felel\u0151s. M\u00edg a leveg\u0151min\u0151s\u00e9ggel kapcsolatos kih\u00edv\u00e1sok j\u00f3l ismertek a v\u00e1rosi k\u00f6rnyezetben, a munkahelyeken tov\u00e1bbra is nagym\u00e9rt\u00e9kben al\u00e1becs\u00fclik \u0151ket. Pedig a v\u00e1llalatok belt\u00e9ri leveg\u0151je <strong>10-50-szer szennyezettebb<\/strong> lehet, mint a k\u00fclt\u00e9ri leveg\u0151.  <\/p>\n\n<p><\/p>\n\n<p>A szennyez\u00e9snek sz\u00e1mos forr\u00e1sa van:<\/p>\n\n<ul class=\"wp-block-list\">\n<li><strong>Ipari folyamatokhoz kapcsol\u00f3d\u00f3 kibocs\u00e1t\u00e1sok<\/strong> (g\u0151z\u00f6k, f\u00fcst\u00f6k, olajk\u00f6d\u00f6k),<\/li>\n\n\n\n<li>Nyersanyagok <strong>kezel\u00e9se \u00e9s sz\u00e1ll\u00edt\u00e1sa<\/strong>,<\/li>\n\n\n\n<li><strong>A gy\u00e1rt\u00e1s sor\u00e1n haszn\u00e1lt term\u00e9kek<\/strong> (VOC, szagok, por, v\u00edrusok stb.).<\/li>\n<\/ul>\n\n<p><\/p>\n\n<p>Ezek a szennyez\u0151 anyagok, ak\u00e1r g\u00e1z-, ak\u00e1r r\u00e9szecskeszer\u0171ek, k\u00f6zvetlen hat\u00e1ssal vannak a munkav\u00e1llal\u00f3k eg\u00e9szs\u00e9g\u00e9re, de az ipari teljes\u00edtm\u00e9nyre is: megn\u00f6vekedett selejt, fogyaszt\u00f3i panaszok, alacsonyabb termel\u00e9kenys\u00e9g \u00e9s magasabb karbantart\u00e1si k\u00f6lts\u00e9gek.<\/p>\n\n<p><\/p>\n\n<h3 class=\"wp-block-heading\">Innovat\u00edv v\u00e1lasz az ellent\u00e9tes korl\u00e1tokra<\/h3>\n\n<p>A szennyez\u0151 anyagoknak val\u00f3 kitetts\u00e9g <strong>eg\u00e9szs\u00e9g\u00fcgyi probl\u00e9m\u00e1khoz<\/strong> vezet, \u00e9s betegs\u00e9get okozhat az expoz\u00edci\u00f3nak kitett munkav\u00e1llal\u00f3kn\u00e1l. A rossz leveg\u0151min\u0151s\u00e9g emellett kihat a <strong>selejtar\u00e1nyra<\/strong>, az <strong>\u00fcgyf\u00e9lpanaszokra<\/strong>, a <strong>termel\u00e9kenys\u00e9gre<\/strong> \u00e9s a termel\u0151berendez\u00e9sek <strong>karbantart\u00e1si<\/strong> gyakoris\u00e1g\u00e1ra is. <\/p>\n\n<p>E szennyez\u0151 anyagok kezel\u00e9s\u00e9hez \u00e1ltal\u00e1ban a felfog\u00e1si, porelt\u00e1vol\u00edt\u00e1si \u00e9s sz\u0171r\u00e9si megold\u00e1sokhoz fordulunk, \u00e9s ez \u00edgy van rendj\u00e9n. Ezek a megold\u00e1sok azonban ritk\u00e1n elegend\u0151ek a leveg\u0151min\u0151s\u00e9gi probl\u00e9m\u00e1k teljes megold\u00e1s\u00e1ra, k\u00fcl\u00f6n\u00f6sen, ha a szennyez\u00e9s diff\u00faz. R\u00e1ad\u00e1sul a porlev\u00e1laszt\u00f3 \u00e9s sz\u0171r\u0151berendez\u00e9sek gy\u00e1rt\u00f3i ritk\u00e1n v\u00e1llalnak k\u00f6telezetts\u00e9get a k\u00f6rnyezeti szennyezetts\u00e9g marad\u00e9kszintj\u00e9re vagy <strong>a VLEP-el\u0151\u00edr\u00e1soknak val\u00f3 megfelel\u00e9sre<\/strong>.  <\/p>\n\n<p><a href=\"https:\/\/obera.fr\/hu\/decouvrir\/\" data-type=\"page\" data-id=\"731\">Az OberA<\/a> <strong>innovat\u00edv \u00e9s egyed\u00fcl\u00e1ll\u00f3 m\u00f3don <\/strong><strong> garant\u00e1lja az eg\u00e9szs\u00e9ges leveg\u0151t <\/strong>. Ez a megk\u00f6zel\u00edt\u00e9s a porelt\u00e1vol\u00edt\u00e1s, sz\u0171r\u00e9s \u00e9s l\u00e9gkezel\u00e9s ter\u00fclet\u00e9n szerzett t\u00f6bb mint 20 \u00e9ves tapasztalat gy\u00fcm\u00f6lcse.  <\/p>\n\n<p><\/p>\n\n<div class=\"wp-block-buttons is-content-justification-center is-layout-flex wp-container-core-buttons-is-layout-a89b3969 wp-block-buttons-is-layout-flex\">\n<div class=\"wp-block-button\"><a class=\"wp-block-button__link wp-element-button\" href=\"https:\/\/obera.fr\/hu\/produits\/\">Fedezze fel megold\u00e1saink v\u00e1laszt\u00e9k\u00e1t a leveg\u0151 min\u0151s\u00e9g\u00e9nek garant\u00e1l\u00e1s\u00e1hoz<\/a><\/div>\n<\/div>\n\n<p><\/p>\n\n<h3 class=\"wp-block-heading\">OberA, a l\u00e9gkezel\u00e9s \u00faj v\u00edzi\u00f3ja<\/h3>\n\n<p>A porelt\u00e1vol\u00edt\u00e1s, sz\u0171r\u00e9s \u00e9s l\u00e9gtiszt\u00edt\u00e1s ter\u00fclet\u00e9n szerzett t\u00f6bb mint 20 \u00e9ves tapasztalat\u00e1val az <strong>OberA glob\u00e1lis, innovat\u00edv \u00e9s eredm\u00e9nyorient\u00e1lt megk\u00f6zel\u00edt\u00e9st k\u00edn\u00e1l<\/strong>, amely n\u00e9gy kulcsfontoss\u00e1g\u00fa szakaszon alapul:<\/p>\n\n<ol class=\"wp-block-list\">\n<li><strong>Pontos diagn\u00f3zis<\/strong>: a szennyez\u0151forr\u00e1sok azonos\u00edt\u00e1sa \u00e9s a r\u00e9szecskekoncentr\u00e1ci\u00f3k \u00e9s -m\u00e9retek m\u00e9r\u00e9se.<\/li>\n\n\n\n<li><strong>K\u00f6telezetts\u00e9g n\u00e9lk\u00fcli tesztel\u00e9si szakasz<\/strong>: teszt- vagy b\u00e9relhet\u0151 berendez\u00e9sek telep\u00edt\u00e9se a m\u0171szaki teljes\u00edtm\u00e9ny \u00e9rv\u00e9nyes\u00edt\u00e9s\u00e9re \u00e9s az eredm\u00e9nyek garant\u00e1l\u00e1s\u00e1ra.<\/li>\n\n\n\n<li><strong>Megfelel\u0151 megold\u00e1s alkalmaz\u00e1sa<\/strong>: a forr\u00e1sn\u00e1l t\u00f6rt\u00e9n\u0151 lev\u00e1laszt\u00e1s, k\u00f6rnyezeti leveg\u0151 kezel\u00e9se (tiszt\u00edt\u00e1s), finom sz\u0171r\u00e9s.<\/li>\n\n\n\n<li><strong>Val\u00f3s idej\u0171 fel\u00fcgyelet<\/strong>: a leveg\u0151min\u0151s\u00e9g folyamatos ellen\u0151rz\u00e9se \u00e9s a kapcsol\u00f3d\u00f3 karbantart\u00e1s (Ipar 4.0).<\/li>\n<\/ol>\n\n<blockquote class=\"wp-block-quote is-layout-flow wp-block-quote-is-layout-flow\">\n<p><strong>A bennfentes kereskedelem enged\u00e9lyezett!<\/strong><\/p>\n<\/blockquote>\n\n<p>\u00cdgy <a href=\"https:\/\/obera.fr\/decouvrir\/nos-clients\/\" data-type=\"page\" data-id=\"743\">az OberA \u00fcgyfelei<\/a> olyan berendez\u00e9sekbe fektetnek be, amelyek garant\u00e1lj\u00e1k sz\u00e1mukra a jobb leveg\u0151min\u0151s\u00e9get, mik\u00f6zben teljes k\u00f6r\u0171 ismeretekkel rendelkeznek az eredm\u00e9nyekr\u0151l, a beruh\u00e1z\u00e1si k\u00f6lts\u00e9gekr\u0151l \u00e9s az \u00fczemeltet\u00e9si k\u00f6lts\u00e9gekr\u0151l.<\/p>\n\n<p><\/p>\n\n<div class=\"wp-block-buttons is-horizontal is-content-justification-center is-layout-flex wp-container-core-buttons-is-layout-03627597 wp-block-buttons-is-layout-flex\">\n<div class=\"wp-block-button\"><a class=\"wp-block-button__link wp-element-button\" href=\"https:\/\/obera.fr\/hu\/produits\/\">Fedezze fel teljes k\u00edn\u00e1latunkat<\/a><\/div>\n<\/div>\n\n<div style=\"height:35px\" aria-hidden=\"true\" class=\"wp-block-spacer\"><\/div>\n\n<div class=\"wp-block-columns is-layout-flex wp-container-core-columns-is-layout-28f84493 wp-block-columns-is-layout-flex\">\n<div class=\"wp-block-column is-layout-flow wp-block-column-is-layout-flow\"><\/div>\n\n\n\n<div class=\"wp-block-column is-layout-flow wp-block-column-is-layout-flow\">\n<figure class=\"wp-block-video\"><video height=\"1080\" style=\"aspect-ratio: 1920 \/ 1080;\" width=\"1920\" autoplay=\"\" controls=\"\" loop=\"\" muted=\"\" poster=\"https:\/\/obera.fr\/wp-content\/uploads\/2025\/05\/capture-decran-2025-05-14-100342.png\" src=\"https:\/\/obera.fr\/wp-content\/uploads\/2025\/05\/made_in_france_obera_fr.mp4\"><\/video><\/figure>\n<\/div>\n\n\n\n<div class=\"wp-block-column is-layout-flow wp-block-column-is-layout-flow\"><\/div>\n<\/div>\n\n<p><\/p>\n\n<h3 class=\"wp-block-heading\">Befektet\u00e9s biztons\u00e1ggal<\/h3>\n\n<p>Az OberA-val olyan bev\u00e1lt megold\u00e1sok el\u0151nyeit \u00e9lvezheti, amelyek garant\u00e1lj\u00e1k a leveg\u0151min\u0151s\u00e9g m\u00e9rhet\u0151 javul\u00e1s\u00e1t, <strong>az eredm\u00e9nyek, a beruh\u00e1z\u00e1sok \u00e9s az \u00fczemeltet\u00e9si k\u00f6lts\u00e9gek teljes \u00e1tl\u00e1that\u00f3s\u00e1ga mellett<\/strong>.<\/p>\n\n<blockquote class=\"wp-block-quote is-layout-flow wp-block-quote-is-layout-flow\">\n<p>Mert az eg\u00e9szs\u00e9ges leveg\u0151 nem lehet\u0151s\u00e9g, hanem k\u00f6vetelm\u00e9ny.<\/p>\n\n\n\n<p><\/p>\n<\/blockquote>\n","protected":false},"excerpt":{"rendered":"<p>Az \u00d6n partnere az eg\u00e9szs\u00e9ges leveg\u0151\u00e9rt a munkahelyen! Franciaorsz\u00e1gban a l\u00e9gszennyez\u00e9s \u00e9vente k\u00f6zel 50 000 ember hal\u00e1l\u00e1\u00e9rt felel\u0151s. M\u00edg a leveg\u0151min\u0151s\u00e9ggel kapcsolatos kih\u00edv\u00e1sok j\u00f3l ismertek a v\u00e1rosi k\u00f6rnyezetben, a munkahelyeken tov\u00e1bbra is nagym\u00e9rt\u00e9kben al\u00e1becs\u00fclik \u0151ket. Pedig a v\u00e1llalatok belt\u00e9ri leveg\u0151je 10-50-szer szennyezettebb lehet, mint a k\u00fclt\u00e9ri leveg\u0151. A szennyez\u00e9snek sz\u00e1mos forr\u00e1sa van: Ezek a szennyez\u0151 anyagok, ak\u00e1r g\u00e1z-, ak\u00e1r r\u00e9szecskeszer\u0171ek, k\u00f6zvetlen hat\u00e1ssal vannak a munkav\u00e1llal\u00f3k eg\u00e9szs\u00e9g\u00e9re, de az ipari teljes\u00edtm\u00e9nyre is: megn\u00f6vekedett selejt, fogyaszt\u00f3i panaszok, alacsonyabb termel\u00e9kenys\u00e9g \u00e9s magasabb karbantart\u00e1si k\u00f6lts\u00e9gek. Innovat\u00edv v\u00e1lasz az ellent\u00e9tes korl\u00e1tokra A szennyez\u0151 anyagoknak val\u00f3 kitetts\u00e9g eg\u00e9szs\u00e9g\u00fcgyi probl\u00e9m\u00e1khoz vezet, \u00e9s betegs\u00e9get okozhat az expoz\u00edci\u00f3nak kitett &#8230; <\/p>\n<p class=\"read-more-container\"><a title=\"Az OberA t\u00f6rt\u00e9nete\" class=\"read-more button\" href=\"https:\/\/obera.fr\/hu\/decouvrir\/histoire\/#more-67662\" aria-label=\"Read more about Az OberA t\u00f6rt\u00e9nete\">Lire la suite<\/a><\/p>\n","protected":false},"author":4,"featured_media":84814,"parent":100128,"menu_order":0,"comment_status":"closed","ping_status":"closed","template":"","meta":{"_acf_changed":false,"_seopress_robots_primary_cat":"","_seopress_titles_title":"Fedezze fel az oberA t\u00f6bb mint 20 \u00e9ves t\u00f6rt\u00e9net\u00e9t","_seopress_titles_desc":"T\u00f6bb mint 20 \u00e9ves tapasztalat a portalan\u00edt\u00e1s, sz\u0171r\u00e9s \u00e9s l\u00e9gkezel\u00e9s ter\u00fclet\u00e9n. Az OBERA innovat\u00edv \u00e9s egyed\u00fcl\u00e1ll\u00f3 megk\u00f6zel\u00edt\u00e9st k\u00edn\u00e1l.","_seopress_robots_index":"","footnotes":""},"class_list":{"0":"post-67662","1":"page","2":"type-page","3":"status-publish","4":"has-post-thumbnail","6":"no-featured-image-padding","7":"resize-featured-image"},"acf":[],"_links":{"self":[{"href":"https:\/\/obera.fr\/hu\/wp-json\/wp\/v2\/pages\/67662","targetHints":{"allow":["GET"]}}],"collection":[{"href":"https:\/\/obera.fr\/hu\/wp-json\/wp\/v2\/pages"}],"about":[{"href":"https:\/\/obera.fr\/hu\/wp-json\/wp\/v2\/types\/page"}],"author":[{"embeddable":true,"href":"https:\/\/obera.fr\/hu\/wp-json\/wp\/v2\/users\/4"}],"replies":[{"embeddable":true,"href":"https:\/\/obera.fr\/hu\/wp-json\/wp\/v2\/comments?post=67662"}],"version-history":[{"count":3,"href":"https:\/\/obera.fr\/hu\/wp-json\/wp\/v2\/pages\/67662\/revisions"}],"predecessor-version":[{"id":101306,"href":"https:\/\/obera.fr\/hu\/wp-json\/wp\/v2\/pages\/67662\/revisions\/101306"}],"up":[{"embeddable":true,"href":"https:\/\/obera.fr\/hu\/wp-json\/wp\/v2\/pages\/100128"}],"wp:featuredmedia":[{"embeddable":true,"href":"https:\/\/obera.fr\/hu\/wp-json\/wp\/v2\/media\/84814"}],"wp:attachment":[{"href":"https:\/\/obera.fr\/hu\/wp-json\/wp\/v2\/media?parent=67662"}],"curies":[{"name":"wp","href":"https:\/\/api.w.org\/{rel}","templated":true}]}}

Az OberA története

<h2 class="wp-block-heading">Az Ön partnere az egészséges levegőért a munkahelyen!</h2>

<p></p>

<figure class="wp-block-image alignright size-medium is-resized"><img decoding="async" width="300" height="85" src="https://obera.fr/wp-content/uploads/2025/05/obera-logo-fr-rvb-v2-300x85.png" alt="obera logo en rvb v2" class="wp-image-100991" srcset="https://obera.fr/wp-content/uploads/2025/05/obera-logo-fr-rvb-v2-300x85.png 300w, https://obera.fr/wp-content/uploads/2025/05/obera-logo-fr-rvb-v2-1024x291.png 1024w, https://obera.fr/wp-content/uploads/2025/05/obera-logo-fr-rvb-v2-768x218.png 768w, https://obera.fr/wp-content/uploads/2025/05/obera-logo-fr-rvb-v2-1536x437.png 1536w, https://obera.fr/wp-content/uploads/2025/05/obera-logo-fr-rvb-v2.png 1995w" sizes="(max-width: 300px) 100vw, 300px" /></figure>

<p>Franciaországban a légszennyezés évente közel 50 000 ember haláláért felelős. Míg a levegőminőséggel kapcsolatos kihívások jól ismertek a városi környezetben, a munkahelyeken továbbra is nagymértékben alábecsülik őket. Pedig a vállalatok beltéri levegője <strong>10-50-szer szennyezettebb</strong> lehet, mint a kültéri levegő.  </p>

<p></p>

<p>A szennyezésnek számos forrása van:</p>

<ul class="wp-block-list">
<li><strong>Ipari folyamatokhoz kapcsolódó kibocsátások</strong> (gőzök, füstök, olajködök),</li>



<li>Nyersanyagok <strong>kezelése és szállítása</strong>,</li>



<li><strong>A gyártás során használt termékek</strong> (VOC, szagok, por, vírusok stb.).</li>
</ul>

<p></p>

<p>Ezek a szennyező anyagok, akár gáz-, akár részecskeszerűek, közvetlen hatással vannak a munkavállalók egészségére, de az ipari teljesítményre is: megnövekedett selejt, fogyasztói panaszok, alacsonyabb termelékenység és magasabb karbantartási költségek.</p>

<p></p>

<h3 class="wp-block-heading">Innovatív válasz az ellentétes korlátokra</h3>

<p>A szennyező anyagoknak való kitettség <strong>egészségügyi problémákhoz</strong> vezet, és betegséget okozhat az expozíciónak kitett munkavállalóknál. A rossz levegőminőség emellett kihat a <strong>selejtarányra</strong>, az <strong>ügyfélpanaszokra</strong>, a <strong>termelékenységre</strong> és a termelőberendezések <strong>karbantartási</strong> gyakoriságára is. </p>

<p>E szennyező anyagok kezeléséhez általában a felfogási, poreltávolítási és szűrési megoldásokhoz fordulunk, és ez így van rendjén. Ezek a megoldások azonban ritkán elegendőek a levegőminőségi problémák teljes megoldására, különösen, ha a szennyezés diffúz. Ráadásul a porleválasztó és szűrőberendezések gyártói ritkán vállalnak kötelezettséget a környezeti szennyezettség maradékszintjére vagy <strong>a VLEP-előírásoknak való megfelelésre</strong>.  </p>

<p><a href="https://obera.fr/hu/decouvrir/" data-type="page" data-id="731">Az OberA</a> <strong>innovatív és egyedülálló módon </strong><strong> garantálja az egészséges levegőt </strong>. Ez a megközelítés a poreltávolítás, szűrés és légkezelés területén szerzett több mint 20 éves tapasztalat gyümölcse.  </p>

<p></p>

<div class="wp-block-buttons is-content-justification-center is-layout-flex wp-container-core-buttons-is-layout-a89b3969 wp-block-buttons-is-layout-flex">
<div class="wp-block-button"><a class="wp-block-button__link wp-element-button" href="https://obera.fr/hu/produits/">Fedezze fel megoldásaink választékát a levegő minőségének garantálásához</a></div>
</div>

<p></p>

<h3 class="wp-block-heading">OberA, a légkezelés új víziója</h3>

<p>A poreltávolítás, szűrés és légtisztítás területén szerzett több mint 20 éves tapasztalatával az <strong>OberA globális, innovatív és eredményorientált megközelítést kínál</strong>, amely négy kulcsfontosságú szakaszon alapul:</p>

<ol class="wp-block-list">
<li><strong>Pontos diagnózis</strong>: a szennyezőforrások azonosítása és a részecskekoncentrációk és -méretek mérése.</li>



<li><strong>Kötelezettség nélküli tesztelési szakasz</strong>: teszt- vagy bérelhető berendezések telepítése a műszaki teljesítmény érvényesítésére és az eredmények garantálására.</li>



<li><strong>Megfelelő megoldás alkalmazása</strong>: a forrásnál történő leválasztás, környezeti levegő kezelése (tisztítás), finom szűrés.</li>



<li><strong>Valós idejű felügyelet</strong>: a levegőminőség folyamatos ellenőrzése és a kapcsolódó karbantartás (Ipar 4.0).</li>
</ol>

<blockquote class="wp-block-quote is-layout-flow wp-block-quote-is-layout-flow">
<p><strong>A bennfentes kereskedelem engedélyezett!</strong></p>
</blockquote>

<p>Így <a href="https://obera.fr/decouvrir/nos-clients/" data-type="page" data-id="743">az OberA ügyfelei</a> olyan berendezésekbe fektetnek be, amelyek garantálják számukra a jobb levegőminőséget, miközben teljes körű ismeretekkel rendelkeznek az eredményekről, a beruházási költségekről és az üzemeltetési költségekről.</p>

<p></p>

<div class="wp-block-buttons is-horizontal is-content-justification-center is-layout-flex wp-container-core-buttons-is-layout-03627597 wp-block-buttons-is-layout-flex">
<div class="wp-block-button"><a class="wp-block-button__link wp-element-button" href="https://obera.fr/hu/produits/">Fedezze fel teljes kínálatunkat</a></div>
</div>

<div style="height:35px" aria-hidden="true" class="wp-block-spacer"></div>

<div class="wp-block-columns is-layout-flex wp-container-core-columns-is-layout-28f84493 wp-block-columns-is-layout-flex">
<div class="wp-block-column is-layout-flow wp-block-column-is-layout-flow"></div>



<div class="wp-block-column is-layout-flow wp-block-column-is-layout-flow">
<figure class="wp-block-video"><video height="1080" style="aspect-ratio: 1920 / 1080;" width="1920" autoplay="" controls="" loop="" muted="" poster="https://obera.fr/wp-content/uploads/2025/05/capture-decran-2025-05-14-100342.png" src="https://obera.fr/wp-content/uploads/2025/05/made_in_france_obera_fr.mp4"></video></figure>
</div>



<div class="wp-block-column is-layout-flow wp-block-column-is-layout-flow"></div>
</div>

<p></p>

<h3 class="wp-block-heading">Befektetés biztonsággal</h3>

<p>Az OberA-val olyan bevált megoldások előnyeit élvezheti, amelyek garantálják a levegőminőség mérhető javulását, <strong>az eredmények, a beruházások és az üzemeltetési költségek teljes átláthatósága mellett</strong>.</p>

<blockquote class="wp-block-quote is-layout-flow wp-block-quote-is-layout-flow">
<p>Mert az egészséges levegő nem lehetőség, hanem követelmény.</p>



<p></p>
</blockquote>

<p>Az Ön partnere az egészséges levegőért a munkahelyen! Franciaországban a légszennyezés évente közel 50 000 ember haláláért felelős. Míg a levegőminőséggel kapcsolatos kihívások jól ismertek a városi környezetben, a munkahelyeken továbbra is nagymértékben alábecsülik őket. Pedig a vállalatok beltéri levegője 10-50-szer szennyezettebb lehet, mint a kültéri levegő. A szennyezésnek számos forrása van: Ezek a szennyező anyagok, akár gáz-, akár részecskeszerűek, közvetlen hatással vannak a munkavállalók egészségére, de az ipari teljesítményre is: megnövekedett selejt, fogyasztói panaszok, alacsonyabb termelékenység és magasabb karbantartási költségek. Innovatív válasz az ellentétes korlátokra A szennyező anyagoknak való kitettség egészségügyi problémákhoz vezet, és betegséget okozhat az expozíciónak kitett &#8230; </p>
<p class="read-more-container"><a title="Az OberA története" class="read-more button" href="https://obera.fr/hu/decouvrir/histoire/#more-67662" aria-label="Read more about Az OberA története">Lire la suite</a></p>

Fedezze fel az oberA több mint 20 éves történetét

Több mint 20 éves tapasztalat a portalanítás, szűrés és légkezelés területén. Az OBERA innovatív és egyedülálló megközelítést kínál.
