{"id":63982,"date":"2020-05-01T17:28:48","date_gmt":"2020-05-01T15:28:48","guid":{"rendered":"https:\/\/obera.fr\/mentions-legales\/"},"modified":"2025-04-11T10:40:14","modified_gmt":"2025-04-11T08:40:14","slug":"mentions-legales","status":"publish","type":"page","link":"https:\/\/obera.fr\/it\/mentions-legales\/","title":{"rendered":"Informazioni legali"},"content":{"rendered":"\n<h2 class=\"wp-block-heading\" id=\"l-annonceur\">L&#8217;inserzionista<\/h2>\n\n<p>Questo sito web \u00e8 pubblicato e offerto da oberA, una societ\u00e0 con capitale sociale di 20.000 euro, con sede legale in 4 Rue Denis Papin 67400 Illkirch-Graffenstaden, con numero SIRET 832 913 487 00027, codice NAF 4674B.<\/p>\n\n<p>Lo scopo del sito \u00e8 quello di fornire informazioni sull&#8217;inserzionista e link a vari siti web. Il sito \u00e8 di propriet\u00e0 dell&#8217;inserzionista. <\/p>\n\n<p>Questo sito \u00e8 ospitato da Nome dell&#8217;host: o2switch SAS con capitale di 100.000 \u20ac, Indirizzo: Chemin des Pardiaux, 63000 Clermont-Ferrand, SIRET: 510 909 807 00032 RCS Clermont Ferrand<\/p>\n\n<h2 class=\"wp-block-heading\" id=\"respect-des-droits-de-propriete-et-marques\">Rispetto dei diritti di propriet\u00e0 e dei marchi di fabbrica<\/h2>\n\n<p>Tutti gli elementi che vedi, ascolti o leggi sul sito, cos\u00ec come il sito stesso, sono protetti dalla legge sul copyright. In nessun caso puoi utilizzare, distribuire, copiare, riprodurre, modificare, alterare o trasmettere il sito o elementi del sito, come testi, immagini o suoni, senza la previa autorizzazione scritta dell&#8217;inserzionista. I marchi e i loghi che compaiono sul sito sono di propriet\u00e0 dell&#8217;inserzionista o sono oggetto di un&#8217;autorizzazione all&#8217;uso. Nessun diritto o licenza pu\u00f2 essere concesso in relazione a questi elementi senza l&#8217;autorizzazione scritta dell&#8217;inserzionista o della terza parte che detiene i diritti del marchio o del logo che appare sul sito. La Fondation Pierre Berg\u00e9 &#8211; Yves Saint Laurent si riserva il diritto di intraprendere azioni legali contro qualsiasi violazione dei suoi diritti di propriet\u00e0 intellettuale, compresi i procedimenti penali.    <\/p>\n\n<h2 class=\"wp-block-heading\" id=\"respect-des-images\">Rispetto per le immagini<\/h2>\n\n<p>Le immagini o le fotografie di persone o luoghi che compaiono sul sito sono di propriet\u00e0 dell&#8217;inserzionista e\/o sono utilizzate dall&#8217;inserzionista con il consenso dei titolari dei diritti. L&#8217;uso di queste immagini o fotografie \u00e8 vietato senza l&#8217;autorizzazione specifica ed esplicita dell&#8217;inserzionista. Qualsiasi utilizzo non autorizzato pu\u00f2 comportare una violazione dei diritti d&#8217;autore, dei diritti d&#8217;immagine, dei diritti personali o di qualsiasi altra normativa applicabile alle comunicazioni o alla pubblicit\u00e0.  <\/p>\n\n<h3 class=\"wp-block-heading\">Crediti<\/h3>\n\n<ul class=\"wp-block-list\">\n<li>Home page design by <a href=\"https:\/\/pleaseagency.com\/\" data-type=\"link\" data-id=\"https:\/\/pleaseagency.com\/\">PLEASE CREATIVE AGENCY <\/a> <\/li>\n<\/ul>\n\n<h2 class=\"wp-block-heading\" id=\"mise-en-garde-generale\">Avviso generale<\/h2>\n\n<p>La Fondation Pierre Berg\u00e9 &#8211; Yves Saint Laurent non pu\u00f2 essere ritenuta responsabile per qualsiasi danno che possa derivare dall&#8217;accesso o dall&#8217;utilizzo del sito, incluso qualsiasi deterioramento o virus che possa infettare il tuo computer o qualsiasi altra propriet\u00e0. Sebbene la Fondation Pierre Berg\u00e9 &#8211; Yves Saint Laurent compia ogni ragionevole sforzo per aggiornare le informazioni accurate pubblicate sul sito, la Fondation Pierre Berg\u00e9 &#8211; Yves Saint Laurent non pu\u00f2 essere ritenuta responsabile per eventuali errori o omissioni. <\/p>\n\n<h2 class=\"wp-block-heading\" id=\"exclusion-de-responsabilite-et-indemnisation\">Esclusione di responsabilit\u00e0 e risarcimento<\/h2>\n\n<p>N\u00e9 la Fondation Pierre Berg\u00e9 &#8211; Yves Saint Laurent n\u00e9 qualsiasi altra parte coinvolta nel sito potranno essere ritenute responsabili per qualsiasi danno diretto, indiretto o di altro tipo che possa derivare dall&#8217;accesso o dall&#8217;utilizzo del sito o delle informazioni in esso contenute. L&#8217;utente indennizzer\u00e0, difender\u00e0 e manterr\u00e0 indenne l&#8217;inserzionista e le sue affiliate, nonch\u00e9 i suoi direttori, funzionari, dipendenti, rappresentanti, licenziatari o chiunque altro sia coinvolto nella creazione, produzione e distribuzione del sito, da e contro qualsiasi reclamo, responsabilit\u00e0, costi e spese derivanti dalla violazione delle presenti condizioni d&#8217;uso o dall&#8217;uso del sito. <\/p>\n\n<h2 class=\"wp-block-heading\" id=\"informations-personnelles\">Informazioni personali<\/h2>\n\n<p>I dati personali sono definiti come &#8220;informazioni che consentono, in qualsiasi forma, direttamente o indirettamente, l&#8217;identificazione delle persone fisiche a cui si riferiscono&#8221; (estratto dall&#8217;articolo 4 della legge n. 78-17 del 6 gennaio 1978).<\/p>\n\n<p>Ad esempio :<\/p>\n\n<ul class=\"wp-block-list\">\n<li>un nome,<\/li>\n\n\n\n<li>un indirizzo postale,<\/li>\n\n\n\n<li>un numero di telefono,<\/li>\n\n\n\n<li>un indirizzo e-mail.<\/li>\n<\/ul>\n\n<p>I cookie vengono utilizzati per configurare automaticamente il sito al momento dell&#8217;accesso e per preselezionare le informazioni.<\/p>\n\n<p>Ci\u00f2 significa che la configurazione del sito \u00e8 legata al tuo computer, in modo che chiunque utilizzi il tuo computer abbia un sito configurato allo stesso modo.<\/p>\n\n<h2 class=\"wp-block-heading\" id=\"utilisation-de-vos-donnees-personnelles-communication-a-des-tiers\">Utilizzo dei tuoi dati personali &#8211; Divulgazione a terzi<\/h2>\n\n<p>Utilizzando questo sito, acconsenti all&#8217;utilizzo da parte del nostro sito dei dati personali che ti riguardano, che ci hai comunicato o che vengono raccolti attraverso il funzionamento del sito. Questi dati sono necessari per inviarti newsletter e per permetterti di usufruire di alcuni servizi offerti da questo sito. <\/p>\n\n<p>Ai sensi della legge del 6 gennaio 1978, hai il diritto di accedere, rettificare o opporti ai dati personali raccolti che ti riguardano. Tali diritti possono essere esercitati inviando un&#8217;e-mail o una lettera all&#8217;inserzionista. <\/p>\n\n<p>Desideriamo sottolineare che, attraverso il funzionamento del sito, raccogliamo automaticamente informazioni riguardanti in particolare le pagine del sito che ti interessano maggiormente, in modo da poterle utilizzare per elaborare analisi e statistiche al fine di comprendere meglio i tuoi desideri e i tuoi centri di interesse. In questo modo, e nel rispetto di quanto segue, potremo inviarti informazioni mirate in base alle tue aree di interesse. A tal fine potremmo utilizzare dei cookie.  <\/p>\n\n<p>Possiamo comunicare, ad eccezione del tuo indirizzo e-mail, i dati personali cos\u00ec raccolti a terzi di nostra scelta, come i nostri fornitori di servizi o i fornitori che contribuiscono alla fornitura dei servizi offerti. La comunicazione di tali informazioni a tali fornitori e prestatori di servizi pu\u00f2 essere necessaria per la fornitura dei servizi. Puoi opporti espressamente alla comunicazione dei tuoi dati a terzi tramite e-mail e\/o lettera indirizzata all&#8217;inserzionista.  <\/p>\n\n<h2 class=\"wp-block-heading\" id=\"concernant-votre-adresse-e-mail\">Per quanto riguarda il tuo indirizzo e-mail<\/h2>\n\n<p>Fornendoci il tuo indirizzo e-mail, l&#8217;inserzionista si riserva il diritto di inviarti via e-mail newsletter e informazioni sui nostri prodotti e servizi. Se non desideri ricevere tali messaggi, puoi annullare l&#8217;iscrizione in qualsiasi momento cliccando sull&#8217;apposito link presente in ogni newsletter inviata. <\/p>\n\n<p>Inoltre, potremmo trasmettere il tuo indirizzo e-mail a terzi che potrebbero inviarti messaggi non richiesti via e-mail che potrebbero essere di tuo interesse. Puoi contattarci in qualsiasi momento, in particolare via e-mail, per chiederci di non comunicare pi\u00f9 il tuo indirizzo e-mail in questo modo. <\/p>\n\n<p>In conformit\u00e0 alla legge francese, tali informazioni possono essere divulgate dall&#8217;inserzionista a qualsiasi persona fisica, giuridica o ente amministrativo che ne faccia richiesta.<\/p>\n\n<p>Infine, l&#8217;inserzionista utilizza i dati degli utenti (che contengano o meno informazioni personali) per creare analisi statistiche per i propri scopi. Poich\u00e9 i dati risultanti da queste analisi sono aggregati e quindi totalmente anonimi, l&#8217;inserzionista pu\u00f2 trasferirli o venderli a terzi. <\/p>\n\n<h2 class=\"wp-block-heading\" id=\"abonnement-a-la-newsletter-l-annonceur\">Iscrizione alla newsletter dell&#8217;inserzionista<\/h2>\n\n<p>Attraverso il sito, puoi iscriverti alla newsletter dell&#8217;inserzionista.<\/p>\n\n<p>Questa newsletter ha lo scopo di informarti sui servizi e sui nuovi prodotti dell&#8217;inserzionista.<\/p>\n\n<p>Puoi in qualsiasi momento informare il sito interessato via e-mail che non desideri pi\u00f9 essere iscritto alla newsletter cliccando su &#8220;Unsubscribe&#8221; o qualsiasi altra indicazione simile.<\/p>\n\n<p>Le condizioni di utilizzo dei tuoi dati personali saranno quelle del sito in questione. Ti invitiamo pertanto a leggere i termini e le condizioni del sito in questione. <\/p>\n\n<h2 class=\"wp-block-heading\" id=\"liens-externes\">Collegamenti esterni<\/h2>\n\n<p>L&#8217;inserzionista propone link dal suo sito ad altri siti affiliati e non. Questi siti sono indipendenti dal sito. L&#8217;inserzionista non pubblica n\u00e9 controlla questi siti. I link a questi siti non costituiscono in alcun modo un&#8217;approvazione o una partnership tra l&#8217;inserzionista e questi siti. Di conseguenza, la Fondation Pierre Berg\u00e9 &#8211; Yves Saint Laurent non pu\u00f2 essere ritenuta responsabile per il contenuto, i prodotti, la pubblicit\u00e0 o qualsiasi altro elemento o servizio presentato su questi siti. Ti ricordiamo che i siti affiliati e non affiliati sono soggetti alle loro condizioni d&#8217;uso e alle loro politiche di protezione della privacy.     <\/p>\n\n<h2 class=\"wp-block-heading\" id=\"droit-applicable\">Legge applicabile<\/h2>\n\n<p>Questo sito \u00e8 regolato dalla legge francese.<\/p>\n\n<h2 class=\"wp-block-heading\" id=\"modification-des-conditions\">Modifica delle condizioni<\/h2>\n\n<p>L&#8217;inserzionista si riserva il diritto di modificare o, pi\u00f9 in generale, aggiornare le presenti condizioni generali in qualsiasi momento e senza preavviso. Ti invitiamo pertanto a consultarle regolarmente. <\/p>\n\n<h2 class=\"wp-block-heading\" id=\"comment-nous-contacter-si-vous-avez-des-questions-sur-cette-charte\">Come puoi contattarci se hai domande su questa carta?<\/h2>\n\n<p>Poich\u00e9 lo scopo di questa carta \u00e8 quello di proteggere la tua privacy, ti saremmo grati se potessi comunicarci i tuoi desideri e commenti.<\/p>\n\n<p>Se ritieni che il trattamento dei tuoi dati non sia conforme ai tuoi desideri quando visiti questo sito, ti preghiamo di comunicarcelo. Ti risponderemo il prima possibile. <\/p>\n\n<p>Se in futuro non desideri essere contattato a seguito di una visita a questo sito, o se desideri controllare, correggere o aggiornare qualsiasi informazione nominativa che ci hai comunicato, <a href=\"https:\/\/obera.fr\/it\/contact\/\" data-type=\"page\" data-id=\"124\">scrivici<\/a>.<\/p>\n\n<p>Ultima modifica: 24 aprile 2017.<\/p>\n","protected":false},"excerpt":{"rendered":"<p>L&#8217;inserzionista Questo sito web \u00e8 pubblicato e offerto da oberA, una societ\u00e0 con capitale sociale di 20.000 euro, con sede legale in 4 Rue Denis Papin 67400 Illkirch-Graffenstaden, con numero SIRET 832 913 487 00027, codice NAF 4674B. Lo scopo del sito \u00e8 quello di fornire informazioni sull&#8217;inserzionista e link a vari siti web. Il sito \u00e8 di propriet\u00e0 dell&#8217;inserzionista. Questo sito \u00e8 ospitato da Nome dell&#8217;host: o2switch SAS con capitale di 100.000 \u20ac, Indirizzo: Chemin des Pardiaux, 63000 Clermont-Ferrand, SIRET: 510 909 807 00032 RCS Clermont Ferrand Rispetto dei diritti di propriet\u00e0 e dei marchi di fabbrica Tutti gli &#8230; <\/p>\n<p class=\"read-more-container\"><a title=\"Informazioni legali\" class=\"read-more button\" href=\"https:\/\/obera.fr\/it\/mentions-legales\/#more-63982\" aria-label=\"Per saperne di pi\u00f9 su Informazioni legali\">Lire la suite<\/a><\/p>\n","protected":false},"author":4,"featured_media":103621,"parent":0,"menu_order":0,"comment_status":"closed","ping_status":"closed","template":"","meta":{"_acf_changed":false,"_seopress_robots_primary_cat":"","_seopress_titles_title":"Nota legale di oberA.fr","_seopress_titles_desc":"Questo sito web \u00e8 pubblicato e offerto da oberA, una societ\u00e0 con capitale sociale di 20.000 euro, numero SIRET 832 913 487 00019, codice NAF 282514.","_seopress_robots_index":"S\u00ec","footnotes":""},"class_list":{"0":"post-63982","1":"page","2":"type-page","3":"status-publish","4":"has-post-thumbnail","6":"no-featured-image-padding","7":"resize-featured-image"},"acf":[],"_links":{"self":[{"href":"https:\/\/obera.fr\/it\/wp-json\/wp\/v2\/pages\/63982","targetHints":{"allow":["GET"]}}],"collection":[{"href":"https:\/\/obera.fr\/it\/wp-json\/wp\/v2\/pages"}],"about":[{"href":"https:\/\/obera.fr\/it\/wp-json\/wp\/v2\/types\/page"}],"author":[{"embeddable":true,"href":"https:\/\/obera.fr\/it\/wp-json\/wp\/v2\/users\/4"}],"replies":[{"embeddable":true,"href":"https:\/\/obera.fr\/it\/wp-json\/wp\/v2\/comments?post=63982"}],"version-history":[{"count":4,"href":"https:\/\/obera.fr\/it\/wp-json\/wp\/v2\/pages\/63982\/revisions"}],"predecessor-version":[{"id":79409,"href":"https:\/\/obera.fr\/it\/wp-json\/wp\/v2\/pages\/63982\/revisions\/79409"}],"wp:featuredmedia":[{"embeddable":true,"href":"https:\/\/obera.fr\/it\/wp-json\/wp\/v2\/media\/103621"}],"wp:attachment":[{"href":"https:\/\/obera.fr\/it\/wp-json\/wp\/v2\/media?parent=63982"}],"curies":[{"name":"wp","href":"https:\/\/api.w.org\/{rel}","templated":true}]}}

<h2 class="wp-block-heading" id="l-annonceur">L&#8217;inserzionista</h2>

<p>Questo sito web è pubblicato e offerto da oberA, una società con capitale sociale di 20.000 euro, con sede legale in 4 Rue Denis Papin 67400 Illkirch-Graffenstaden, con numero SIRET 832 913 487 00027, codice NAF 4674B.</p>

<p>Lo scopo del sito è quello di fornire informazioni sull&#8217;inserzionista e link a vari siti web. Il sito è di proprietà dell&#8217;inserzionista. </p>

<p>Questo sito è ospitato da Nome dell&#8217;host: o2switch SAS con capitale di 100.000 €, Indirizzo: Chemin des Pardiaux, 63000 Clermont-Ferrand, SIRET: 510 909 807 00032 RCS Clermont Ferrand</p>

<h2 class="wp-block-heading" id="respect-des-droits-de-propriete-et-marques">Rispetto dei diritti di proprietà e dei marchi di fabbrica</h2>

<p>Tutti gli elementi che vedi, ascolti o leggi sul sito, così come il sito stesso, sono protetti dalla legge sul copyright. In nessun caso puoi utilizzare, distribuire, copiare, riprodurre, modificare, alterare o trasmettere il sito o elementi del sito, come testi, immagini o suoni, senza la previa autorizzazione scritta dell&#8217;inserzionista. I marchi e i loghi che compaiono sul sito sono di proprietà dell&#8217;inserzionista o sono oggetto di un&#8217;autorizzazione all&#8217;uso. Nessun diritto o licenza può essere concesso in relazione a questi elementi senza l&#8217;autorizzazione scritta dell&#8217;inserzionista o della terza parte che detiene i diritti del marchio o del logo che appare sul sito. La Fondation Pierre Bergé &#8211; Yves Saint Laurent si riserva il diritto di intraprendere azioni legali contro qualsiasi violazione dei suoi diritti di proprietà intellettuale, compresi i procedimenti penali.    </p>

<h2 class="wp-block-heading" id="respect-des-images">Rispetto per le immagini</h2>

<p>Le immagini o le fotografie di persone o luoghi che compaiono sul sito sono di proprietà dell&#8217;inserzionista e/o sono utilizzate dall&#8217;inserzionista con il consenso dei titolari dei diritti. L&#8217;uso di queste immagini o fotografie è vietato senza l&#8217;autorizzazione specifica ed esplicita dell&#8217;inserzionista. Qualsiasi utilizzo non autorizzato può comportare una violazione dei diritti d&#8217;autore, dei diritti d&#8217;immagine, dei diritti personali o di qualsiasi altra normativa applicabile alle comunicazioni o alla pubblicità.  </p>

<h3 class="wp-block-heading">Crediti</h3>

<ul class="wp-block-list">
<li>Home page design by <a href="https://pleaseagency.com/" data-type="link" data-id="https://pleaseagency.com/">PLEASE CREATIVE AGENCY </a> </li>
</ul>

<h2 class="wp-block-heading" id="mise-en-garde-generale">Avviso generale</h2>

<p>La Fondation Pierre Bergé &#8211; Yves Saint Laurent non può essere ritenuta responsabile per qualsiasi danno che possa derivare dall&#8217;accesso o dall&#8217;utilizzo del sito, incluso qualsiasi deterioramento o virus che possa infettare il tuo computer o qualsiasi altra proprietà. Sebbene la Fondation Pierre Bergé &#8211; Yves Saint Laurent compia ogni ragionevole sforzo per aggiornare le informazioni accurate pubblicate sul sito, la Fondation Pierre Bergé &#8211; Yves Saint Laurent non può essere ritenuta responsabile per eventuali errori o omissioni. </p>

<h2 class="wp-block-heading" id="exclusion-de-responsabilite-et-indemnisation">Esclusione di responsabilità e risarcimento</h2>

<p>Né la Fondation Pierre Bergé &#8211; Yves Saint Laurent né qualsiasi altra parte coinvolta nel sito potranno essere ritenute responsabili per qualsiasi danno diretto, indiretto o di altro tipo che possa derivare dall&#8217;accesso o dall&#8217;utilizzo del sito o delle informazioni in esso contenute. L&#8217;utente indennizzerà, difenderà e manterrà indenne l&#8217;inserzionista e le sue affiliate, nonché i suoi direttori, funzionari, dipendenti, rappresentanti, licenziatari o chiunque altro sia coinvolto nella creazione, produzione e distribuzione del sito, da e contro qualsiasi reclamo, responsabilità, costi e spese derivanti dalla violazione delle presenti condizioni d&#8217;uso o dall&#8217;uso del sito. </p>

<h2 class="wp-block-heading" id="informations-personnelles">Informazioni personali</h2>

<p>I dati personali sono definiti come &#8220;informazioni che consentono, in qualsiasi forma, direttamente o indirettamente, l&#8217;identificazione delle persone fisiche a cui si riferiscono&#8221; (estratto dall&#8217;articolo 4 della legge n. 78-17 del 6 gennaio 1978).</p>

<p>Ad esempio :</p>

<ul class="wp-block-list">
<li>un nome,</li>



<li>un indirizzo postale,</li>



<li>un numero di telefono,</li>



<li>un indirizzo e-mail.</li>
</ul>

<p>I cookie vengono utilizzati per configurare automaticamente il sito al momento dell&#8217;accesso e per preselezionare le informazioni.</p>

<p>Ciò significa che la configurazione del sito è legata al tuo computer, in modo che chiunque utilizzi il tuo computer abbia un sito configurato allo stesso modo.</p>

<h2 class="wp-block-heading" id="utilisation-de-vos-donnees-personnelles-communication-a-des-tiers">Utilizzo dei tuoi dati personali &#8211; Divulgazione a terzi</h2>

<p>Utilizzando questo sito, acconsenti all&#8217;utilizzo da parte del nostro sito dei dati personali che ti riguardano, che ci hai comunicato o che vengono raccolti attraverso il funzionamento del sito. Questi dati sono necessari per inviarti newsletter e per permetterti di usufruire di alcuni servizi offerti da questo sito. </p>

<p>Ai sensi della legge del 6 gennaio 1978, hai il diritto di accedere, rettificare o opporti ai dati personali raccolti che ti riguardano. Tali diritti possono essere esercitati inviando un&#8217;e-mail o una lettera all&#8217;inserzionista. </p>

<p>Desideriamo sottolineare che, attraverso il funzionamento del sito, raccogliamo automaticamente informazioni riguardanti in particolare le pagine del sito che ti interessano maggiormente, in modo da poterle utilizzare per elaborare analisi e statistiche al fine di comprendere meglio i tuoi desideri e i tuoi centri di interesse. In questo modo, e nel rispetto di quanto segue, potremo inviarti informazioni mirate in base alle tue aree di interesse. A tal fine potremmo utilizzare dei cookie.  </p>

<p>Possiamo comunicare, ad eccezione del tuo indirizzo e-mail, i dati personali così raccolti a terzi di nostra scelta, come i nostri fornitori di servizi o i fornitori che contribuiscono alla fornitura dei servizi offerti. La comunicazione di tali informazioni a tali fornitori e prestatori di servizi può essere necessaria per la fornitura dei servizi. Puoi opporti espressamente alla comunicazione dei tuoi dati a terzi tramite e-mail e/o lettera indirizzata all&#8217;inserzionista.  </p>

<h2 class="wp-block-heading" id="concernant-votre-adresse-e-mail">Per quanto riguarda il tuo indirizzo e-mail</h2>

<p>Fornendoci il tuo indirizzo e-mail, l&#8217;inserzionista si riserva il diritto di inviarti via e-mail newsletter e informazioni sui nostri prodotti e servizi. Se non desideri ricevere tali messaggi, puoi annullare l&#8217;iscrizione in qualsiasi momento cliccando sull&#8217;apposito link presente in ogni newsletter inviata. </p>

<p>Inoltre, potremmo trasmettere il tuo indirizzo e-mail a terzi che potrebbero inviarti messaggi non richiesti via e-mail che potrebbero essere di tuo interesse. Puoi contattarci in qualsiasi momento, in particolare via e-mail, per chiederci di non comunicare più il tuo indirizzo e-mail in questo modo. </p>

<p>In conformità alla legge francese, tali informazioni possono essere divulgate dall&#8217;inserzionista a qualsiasi persona fisica, giuridica o ente amministrativo che ne faccia richiesta.</p>

<p>Infine, l&#8217;inserzionista utilizza i dati degli utenti (che contengano o meno informazioni personali) per creare analisi statistiche per i propri scopi. Poiché i dati risultanti da queste analisi sono aggregati e quindi totalmente anonimi, l&#8217;inserzionista può trasferirli o venderli a terzi. </p>

<h2 class="wp-block-heading" id="abonnement-a-la-newsletter-l-annonceur">Iscrizione alla newsletter dell&#8217;inserzionista</h2>

<p>Attraverso il sito, puoi iscriverti alla newsletter dell&#8217;inserzionista.</p>

<p>Questa newsletter ha lo scopo di informarti sui servizi e sui nuovi prodotti dell&#8217;inserzionista.</p>

<p>Puoi in qualsiasi momento informare il sito interessato via e-mail che non desideri più essere iscritto alla newsletter cliccando su &#8220;Unsubscribe&#8221; o qualsiasi altra indicazione simile.</p>

<p>Le condizioni di utilizzo dei tuoi dati personali saranno quelle del sito in questione. Ti invitiamo pertanto a leggere i termini e le condizioni del sito in questione. </p>

<h2 class="wp-block-heading" id="liens-externes">Collegamenti esterni</h2>

<p>L&#8217;inserzionista propone link dal suo sito ad altri siti affiliati e non. Questi siti sono indipendenti dal sito. L&#8217;inserzionista non pubblica né controlla questi siti. I link a questi siti non costituiscono in alcun modo un&#8217;approvazione o una partnership tra l&#8217;inserzionista e questi siti. Di conseguenza, la Fondation Pierre Bergé &#8211; Yves Saint Laurent non può essere ritenuta responsabile per il contenuto, i prodotti, la pubblicità o qualsiasi altro elemento o servizio presentato su questi siti. Ti ricordiamo che i siti affiliati e non affiliati sono soggetti alle loro condizioni d&#8217;uso e alle loro politiche di protezione della privacy.     </p>

<h2 class="wp-block-heading" id="droit-applicable">Legge applicabile</h2>

<p>Questo sito è regolato dalla legge francese.</p>

<h2 class="wp-block-heading" id="modification-des-conditions">Modifica delle condizioni</h2>

<p>L&#8217;inserzionista si riserva il diritto di modificare o, più in generale, aggiornare le presenti condizioni generali in qualsiasi momento e senza preavviso. Ti invitiamo pertanto a consultarle regolarmente. </p>

<h2 class="wp-block-heading" id="comment-nous-contacter-si-vous-avez-des-questions-sur-cette-charte">Come puoi contattarci se hai domande su questa carta?</h2>

<p>Poiché lo scopo di questa carta è quello di proteggere la tua privacy, ti saremmo grati se potessi comunicarci i tuoi desideri e commenti.</p>

<p>Se ritieni che il trattamento dei tuoi dati non sia conforme ai tuoi desideri quando visiti questo sito, ti preghiamo di comunicarcelo. Ti risponderemo il prima possibile. </p>

<p>Se in futuro non desideri essere contattato a seguito di una visita a questo sito, o se desideri controllare, correggere o aggiornare qualsiasi informazione nominativa che ci hai comunicato, <a href="https://obera.fr/it/contact/" data-type="page" data-id="124">scrivici</a>.</p>

<p>Ultima modifica: 24 aprile 2017.</p>

<p>L&#8217;inserzionista Questo sito web è pubblicato e offerto da oberA, una società con capitale sociale di 20.000 euro, con sede legale in 4 Rue Denis Papin 67400 Illkirch-Graffenstaden, con numero SIRET 832 913 487 00027, codice NAF 4674B. Lo scopo del sito è quello di fornire informazioni sull&#8217;inserzionista e link a vari siti web. Il sito è di proprietà dell&#8217;inserzionista. Questo sito è ospitato da Nome dell&#8217;host: o2switch SAS con capitale di 100.000 €, Indirizzo: Chemin des Pardiaux, 63000 Clermont-Ferrand, SIRET: 510 909 807 00032 RCS Clermont Ferrand Rispetto dei diritti di proprietà e dei marchi di fabbrica Tutti gli &#8230; </p>
<p class="read-more-container"><a title="Informazioni legali" class="read-more button" href="https://obera.fr/it/mentions-legales/#more-63982" aria-label="Per saperne di più su Informazioni legali">Lire la suite</a></p>

Questo sito web è pubblicato e offerto da oberA, una società con capitale sociale di 20.000 euro, numero SIRET 832 913 487 00019, codice NAF 282514.

Sì
