{"id":62077,"date":"2021-07-23T14:22:11","date_gmt":"2021-07-23T12:22:11","guid":{"rendered":"https:\/\/obera.fr\/achat-merci\/"},"modified":"2025-02-17T11:38:58","modified_gmt":"2025-02-17T09:38:58","slug":"achat-merci","status":"publish","type":"page","link":"https:\/\/obera.fr\/nl\/achat-merci\/","title":{"rendered":"Bedankt voor het bestellen bij obera.fr"},"content":{"rendered":"\n<p>Terwijl je wacht tot je bestelling aankomt, kun je de nieuwste blogberichten lezen<\/p>\n<ul class=\"wp-block-latest-posts__list is-grid columns-2 wp-block-latest-posts\"><li><a class=\"wp-block-latest-posts__post-title\" href=\"https:\/\/obera.fr\/nl\/pers\/ademen-fransen-gezond-op-hun-werkplek-in-de-winter\/\">Ademen Fransen gezond op hun werkplek in de winter?<\/a><div class=\"wp-block-latest-posts__post-excerpt\">OberA onthult de resultaten van een nieuw onderzoek* onder 4.102 personen dat een aanhoudende kloof aan het licht brengt tussen thermisch comfort en luchtkwaliteit op het werk: sterk uiteenlopende ideale temperaturen, zeldzame winterventilatie, afwezigheid van luchtreinigers, nauwelijks gecontroleerde luchtvochtigheid en aarzeling over de juiste maatregelen tegen virussen. Het onderzoek benadrukt ook &#8230; <p class=\"read-more-container\"><a title=\"Ademen Fransen gezond op hun werkplek in de winter?\" class=\"read-more button\" href=\"https:\/\/obera.fr\/nl\/pers\/ademen-fransen-gezond-op-hun-werkplek-in-de-winter\/#more-145817\" aria-label=\"Lees meer over Ademen Fransen gezond op hun werkplek in de winter?\">Lire la suite<\/a><\/p><\/div><\/li>\n<li><a class=\"wp-block-latest-posts__post-title\" href=\"https:\/\/obera.fr\/nl\/presse\/89-van-de-fransen-onderschat-de-luchtvervuiling-op-hun-werkplek\/\">89% van de Fransen onderschat de luchtvervuiling op hun werkplek<\/a><div class=\"wp-block-latest-posts__post-excerpt\"><\/div><\/li>\n<li><div class=\"wp-block-latest-posts__featured-image aligncenter\"><a href=\"https:\/\/obera.fr\/nl\/ons-advies\/meting-van-de-binnenluchtkwaliteit-belang-en-principe\/\" aria-label=\"Meting van de binnenluchtkwaliteit: belang en principe\"><img decoding=\"async\" width=\"1024\" height=\"181\" src=\"https:\/\/obera.fr\/wp-content\/uploads\/2022\/10\/banniere-obera-1024x181.png\" class=\"attachment-large size-large wp-post-image\" alt=\"banni\u00e8re obera protection pr\u00e9-s\u00e9parateur\" style=\"max-width:500px;\" srcset=\"https:\/\/obera.fr\/wp-content\/uploads\/2022\/10\/banniere-obera-1024x181.png 1024w, https:\/\/obera.fr\/wp-content\/uploads\/2022\/10\/banniere-obera-300x53.png 300w, https:\/\/obera.fr\/wp-content\/uploads\/2022\/10\/banniere-obera-768x136.png 768w, https:\/\/obera.fr\/wp-content\/uploads\/2022\/10\/banniere-obera-1536x272.png 1536w, https:\/\/obera.fr\/wp-content\/uploads\/2022\/10\/banniere-obera.png 1980w\" sizes=\"(max-width: 1024px) 100vw, 1024px\" \/><\/a><\/div><a class=\"wp-block-latest-posts__post-title\" href=\"https:\/\/obera.fr\/nl\/ons-advies\/meting-van-de-binnenluchtkwaliteit-belang-en-principe\/\">Meting van de binnenluchtkwaliteit: belang en principe<\/a><div class=\"wp-block-latest-posts__post-excerpt\">Volgens gegevens van de WHO zou Frankrijk bijna 50.000 sterfgevallen per jaar tellen die verband houden met luchtvervuiling, dat is 10 keer meer dan verkeersongelukken! Bovendien wordt geschat dat de binnenlucht van een woning of bedrijfsruimte 5 tot 10 keer meer vervuild is dan de buitenlucht.<\/div><\/li>\n<li><div class=\"wp-block-latest-posts__featured-image aligncenter\"><a href=\"https:\/\/obera.fr\/nl\/farmaceutische-industrie\/farmaceutische-industrie-beheersing-van-stofvorming-en-blootstelling-tijdens-het-wegen-en-overbrengen-van-hpapis\/\" aria-label=\"Farmaceutische industrie: Beheersing van stofvorming en blootstelling tijdens het wegen en overbrengen van HPAPI&#8217;s\"><img decoding=\"async\" width=\"1024\" height=\"181\" src=\"https:\/\/obera.fr\/wp-content\/uploads\/2025\/04\/banniere-obera-6-1-1024x181.png\" class=\"attachment-large size-large wp-post-image\" alt=\"obera banner (6)\" style=\"max-width:500px;\" srcset=\"https:\/\/obera.fr\/wp-content\/uploads\/2025\/04\/banniere-obera-6-1-1024x181.png 1024w, https:\/\/obera.fr\/wp-content\/uploads\/2025\/04\/banniere-obera-6-1-300x53.png 300w, https:\/\/obera.fr\/wp-content\/uploads\/2025\/04\/banniere-obera-6-1-768x136.png 768w, https:\/\/obera.fr\/wp-content\/uploads\/2025\/04\/banniere-obera-6-1-1536x272.png 1536w, https:\/\/obera.fr\/wp-content\/uploads\/2025\/04\/banniere-obera-6-1.png 1980w\" sizes=\"(max-width: 1024px) 100vw, 1024px\" \/><\/a><\/div><a class=\"wp-block-latest-posts__post-title\" href=\"https:\/\/obera.fr\/nl\/farmaceutische-industrie\/farmaceutische-industrie-beheersing-van-stofvorming-en-blootstelling-tijdens-het-wegen-en-overbrengen-van-hpapis\/\">Farmaceutische industrie: Beheersing van stofvorming en blootstelling tijdens het wegen en overbrengen van HPAPI&#8217;s<\/a><div class=\"wp-block-latest-posts__post-excerpt\">De opkomst van HPAPI&#8217;s (Highly Potent Active Pharmaceutical Ingredients \u2013 zeer krachtige actieve farmaceutische ingredi\u00ebnten) transformeert de farmaceutische productiepraktijken ingrijpend.<\/div><\/li>\n<li><div class=\"wp-block-latest-posts__featured-image aligncenter\"><a href=\"https:\/\/obera.fr\/nl\/sport\/mobiele-verkoeling-voor-sportevenementen-de-ic-oplossing-van-obera-efficient-en-direct\/\" aria-label=\"Mobiele verkoeling voor sportevenementen: de IC-oplossing van OberA, effici\u00ebnt en direct\"><img decoding=\"async\" width=\"1024\" height=\"181\" src=\"https:\/\/obera.fr\/wp-content\/uploads\/2025\/04\/banniere-obera-6-1-1024x181.png\" class=\"attachment-large size-large wp-post-image\" alt=\"obera banner (6)\" style=\"max-width:500px;\" srcset=\"https:\/\/obera.fr\/wp-content\/uploads\/2025\/04\/banniere-obera-6-1-1024x181.png 1024w, https:\/\/obera.fr\/wp-content\/uploads\/2025\/04\/banniere-obera-6-1-300x53.png 300w, https:\/\/obera.fr\/wp-content\/uploads\/2025\/04\/banniere-obera-6-1-768x136.png 768w, https:\/\/obera.fr\/wp-content\/uploads\/2025\/04\/banniere-obera-6-1-1536x272.png 1536w, https:\/\/obera.fr\/wp-content\/uploads\/2025\/04\/banniere-obera-6-1.png 1980w\" sizes=\"(max-width: 1024px) 100vw, 1024px\" \/><\/a><\/div><a class=\"wp-block-latest-posts__post-title\" href=\"https:\/\/obera.fr\/nl\/sport\/mobiele-verkoeling-voor-sportevenementen-de-ic-oplossing-van-obera-efficient-en-direct\/\">Mobiele verkoeling voor sportevenementen: de IC-oplossing van OberA, effici\u00ebnt en direct<\/a><div class=\"wp-block-latest-posts__post-excerpt\">Of het nu gaat om openluchtcompetities, indoor toernooien, tijdelijke structuren of grootschalige evenementen, sportevenementen zijn sterk onderhevig aan klimaatschommelingen.<\/div><\/li>\n<li><div class=\"wp-block-latest-posts__featured-image aligncenter\"><a href=\"https:\/\/obera.fr\/nl\/scholen-en-hoger-onderwijs\/natuurlijke-en-veilige-verkoeling-voor-scholen-en-naschoolse-ruimtes-de-ic-oplossing-van-obera\/\" aria-label=\"Natuurlijke en veilige verkoeling voor scholen en naschoolse ruimtes: de IC-oplossing van OberA\"><img decoding=\"async\" width=\"1024\" height=\"181\" src=\"https:\/\/obera.fr\/wp-content\/uploads\/2025\/04\/banniere-obera-6-1-1024x181.png\" class=\"attachment-large size-large wp-post-image\" alt=\"obera banner (6)\" style=\"max-width:500px;\" srcset=\"https:\/\/obera.fr\/wp-content\/uploads\/2025\/04\/banniere-obera-6-1-1024x181.png 1024w, https:\/\/obera.fr\/wp-content\/uploads\/2025\/04\/banniere-obera-6-1-300x53.png 300w, https:\/\/obera.fr\/wp-content\/uploads\/2025\/04\/banniere-obera-6-1-768x136.png 768w, https:\/\/obera.fr\/wp-content\/uploads\/2025\/04\/banniere-obera-6-1-1536x272.png 1536w, https:\/\/obera.fr\/wp-content\/uploads\/2025\/04\/banniere-obera-6-1.png 1980w\" sizes=\"(max-width: 1024px) 100vw, 1024px\" \/><\/a><\/div><a class=\"wp-block-latest-posts__post-title\" href=\"https:\/\/obera.fr\/nl\/scholen-en-hoger-onderwijs\/natuurlijke-en-veilige-verkoeling-voor-scholen-en-naschoolse-ruimtes-de-ic-oplossing-van-obera\/\">Natuurlijke en veilige verkoeling voor scholen en naschoolse ruimtes: de IC-oplossing van OberA<\/a><div class=\"wp-block-latest-posts__post-excerpt\">Instellingen die kinderen en adolescenten ontvangen, zoals scholen, cr\u00e8ches, naschoolse centra, activiteitenzalen of schoolgymzalen, zijn bijzonder kwetsbaar voor hittegolven.<\/div><\/li>\n<li><div class=\"wp-block-latest-posts__featured-image aligncenter\"><a href=\"https:\/\/obera.fr\/nl\/restaurants-en-accommodatie\/thermisch-comfort-in-de-horeca-obera-ic-koelers-de-mobiele-en-economische-oplossing\/\" aria-label=\"Thermisch comfort in de horeca: OberA IC-koelers, de mobiele en economische oplossing\"><img decoding=\"async\" width=\"1024\" height=\"181\" src=\"https:\/\/obera.fr\/wp-content\/uploads\/2025\/04\/banniere-obera-6-1-1024x181.png\" class=\"attachment-large size-large wp-post-image\" alt=\"obera banner (6)\" style=\"max-width:500px;\" srcset=\"https:\/\/obera.fr\/wp-content\/uploads\/2025\/04\/banniere-obera-6-1-1024x181.png 1024w, https:\/\/obera.fr\/wp-content\/uploads\/2025\/04\/banniere-obera-6-1-300x53.png 300w, https:\/\/obera.fr\/wp-content\/uploads\/2025\/04\/banniere-obera-6-1-768x136.png 768w, https:\/\/obera.fr\/wp-content\/uploads\/2025\/04\/banniere-obera-6-1-1536x272.png 1536w, https:\/\/obera.fr\/wp-content\/uploads\/2025\/04\/banniere-obera-6-1.png 1980w\" sizes=\"(max-width: 1024px) 100vw, 1024px\" \/><\/a><\/div><a class=\"wp-block-latest-posts__post-title\" href=\"https:\/\/obera.fr\/nl\/restaurants-en-accommodatie\/thermisch-comfort-in-de-horeca-obera-ic-koelers-de-mobiele-en-economische-oplossing\/\">Thermisch comfort in de horeca: OberA IC-koelers, de mobiele en economische oplossing<\/a><div class=\"wp-block-latest-posts__post-excerpt\">In caf\u00e9s, hotels, restaurants of bedrijfsrestaurants is hitte een factor die zowel de klantervaring als de arbeidsomstandigheden van het personeel be\u00efnvloedt.<\/div><\/li>\n<li><div class=\"wp-block-latest-posts__featured-image aligncenter\"><a href=\"https:\/\/obera.fr\/nl\/it-telecom\/adiabatische-aanvullende-koeling-een-flexibele-oplossing-voor-datacenters\/\" aria-label=\"Adiabatische aanvullende koeling: een flexibele oplossing voor datacenters\"><img decoding=\"async\" width=\"1024\" height=\"181\" src=\"https:\/\/obera.fr\/wp-content\/uploads\/2025\/05\/banniere-obera-1024x181.png\" class=\"attachment-large size-large wp-post-image\" alt=\"obera banner\" style=\"max-width:500px;\" srcset=\"https:\/\/obera.fr\/wp-content\/uploads\/2025\/05\/banniere-obera-1024x181.png 1024w, https:\/\/obera.fr\/wp-content\/uploads\/2025\/05\/banniere-obera-300x53.png 300w, https:\/\/obera.fr\/wp-content\/uploads\/2025\/05\/banniere-obera-768x136.png 768w, https:\/\/obera.fr\/wp-content\/uploads\/2025\/05\/banniere-obera-1536x272.png 1536w, https:\/\/obera.fr\/wp-content\/uploads\/2025\/05\/banniere-obera.png 1980w\" sizes=\"(max-width: 1024px) 100vw, 1024px\" \/><\/a><\/div><a class=\"wp-block-latest-posts__post-title\" href=\"https:\/\/obera.fr\/nl\/it-telecom\/adiabatische-aanvullende-koeling-een-flexibele-oplossing-voor-datacenters\/\">Adiabatische aanvullende koeling: een flexibele oplossing voor datacenters<\/a><div class=\"wp-block-latest-posts__post-excerpt\">Datacenters concentreren steeds krachtigere en dichtere IT-belastingen, die aanzienlijke warmte genereren. Thermische beheersing is hierbij een strategische uitdaging voor prestaties, veiligheid en bedrijfscontinu\u00efteit. <\/div><\/li>\n<\/ul>","protected":false},"excerpt":{"rendered":"<p>Terwijl je wacht tot je bestelling aankomt, kun je de nieuwste blogberichten lezen<\/p>\n","protected":false},"author":4,"featured_media":0,"parent":0,"menu_order":0,"comment_status":"closed","ping_status":"closed","template":"","meta":{"_acf_changed":false,"_seopress_robots_primary_cat":"","_seopress_titles_title":"","_seopress_titles_desc":"","_seopress_robots_index":"ja","footnotes":""},"class_list":{"0":"post-62077","1":"page","2":"type-page","3":"status-publish","5":"no-featured-image-padding"},"acf":[],"_links":{"self":[{"href":"https:\/\/obera.fr\/nl\/wp-json\/wp\/v2\/pages\/62077","targetHints":{"allow":["GET"]}}],"collection":[{"href":"https:\/\/obera.fr\/nl\/wp-json\/wp\/v2\/pages"}],"about":[{"href":"https:\/\/obera.fr\/nl\/wp-json\/wp\/v2\/types\/page"}],"author":[{"embeddable":true,"href":"https:\/\/obera.fr\/nl\/wp-json\/wp\/v2\/users\/4"}],"replies":[{"embeddable":true,"href":"https:\/\/obera.fr\/nl\/wp-json\/wp\/v2\/comments?post=62077"}],"version-history":[{"count":3,"href":"https:\/\/obera.fr\/nl\/wp-json\/wp\/v2\/pages\/62077\/revisions"}],"predecessor-version":[{"id":62086,"href":"https:\/\/obera.fr\/nl\/wp-json\/wp\/v2\/pages\/62077\/revisions\/62086"}],"wp:attachment":[{"href":"https:\/\/obera.fr\/nl\/wp-json\/wp\/v2\/media?parent=62077"}],"curies":[{"name":"wp","href":"https:\/\/api.w.org\/{rel}","templated":true}]}}

<p>Terwijl je wacht tot je bestelling aankomt, kun je de nieuwste blogberichten lezen</p>
<ul class="wp-block-latest-posts__list is-grid columns-2 wp-block-latest-posts"><li><a class="wp-block-latest-posts__post-title" href="https://obera.fr/nl/pers/ademen-fransen-gezond-op-hun-werkplek-in-de-winter/">Ademen Fransen gezond op hun werkplek in de winter?</a><div class="wp-block-latest-posts__post-excerpt">OberA onthult de resultaten van een nieuw onderzoek* onder 4.102 personen dat een aanhoudende kloof aan het licht brengt tussen thermisch comfort en luchtkwaliteit op het werk: sterk uiteenlopende ideale temperaturen, zeldzame winterventilatie, afwezigheid van luchtreinigers, nauwelijks gecontroleerde luchtvochtigheid en aarzeling over de juiste maatregelen tegen virussen. Het onderzoek benadrukt ook &#8230; <p class="read-more-container"><a title="Ademen Fransen gezond op hun werkplek in de winter?" class="read-more button" href="https://obera.fr/nl/pers/ademen-fransen-gezond-op-hun-werkplek-in-de-winter/#more-145817" aria-label="Lees meer over Ademen Fransen gezond op hun werkplek in de winter?">Lire la suite</a></p></div></li>
<li><a class="wp-block-latest-posts__post-title" href="https://obera.fr/nl/presse/89-van-de-fransen-onderschat-de-luchtvervuiling-op-hun-werkplek/">89% van de Fransen onderschat de luchtvervuiling op hun werkplek</a><div class="wp-block-latest-posts__post-excerpt"></div></li>
<li><div class="wp-block-latest-posts__featured-image aligncenter"><a href="https://obera.fr/nl/ons-advies/meting-van-de-binnenluchtkwaliteit-belang-en-principe/" aria-label="Meting van de binnenluchtkwaliteit: belang en principe"><img decoding="async" width="1024" height="181" src="https://obera.fr/wp-content/uploads/2022/10/banniere-obera-1024x181.png" class="attachment-large size-large wp-post-image" alt="bannière obera protection pré-séparateur" style="max-width:500px;" srcset="https://obera.fr/wp-content/uploads/2022/10/banniere-obera-1024x181.png 1024w, https://obera.fr/wp-content/uploads/2022/10/banniere-obera-300x53.png 300w, https://obera.fr/wp-content/uploads/2022/10/banniere-obera-768x136.png 768w, https://obera.fr/wp-content/uploads/2022/10/banniere-obera-1536x272.png 1536w, https://obera.fr/wp-content/uploads/2022/10/banniere-obera.png 1980w" sizes="(max-width: 1024px) 100vw, 1024px" /></a></div><a class="wp-block-latest-posts__post-title" href="https://obera.fr/nl/ons-advies/meting-van-de-binnenluchtkwaliteit-belang-en-principe/">Meting van de binnenluchtkwaliteit: belang en principe</a><div class="wp-block-latest-posts__post-excerpt">Volgens gegevens van de WHO zou Frankrijk bijna 50.000 sterfgevallen per jaar tellen die verband houden met luchtvervuiling, dat is 10 keer meer dan verkeersongelukken! Bovendien wordt geschat dat de binnenlucht van een woning of bedrijfsruimte 5 tot 10 keer meer vervuild is dan de buitenlucht.</div></li>
<li><div class="wp-block-latest-posts__featured-image aligncenter"><a href="https://obera.fr/nl/farmaceutische-industrie/farmaceutische-industrie-beheersing-van-stofvorming-en-blootstelling-tijdens-het-wegen-en-overbrengen-van-hpapis/" aria-label="Farmaceutische industrie: Beheersing van stofvorming en blootstelling tijdens het wegen en overbrengen van HPAPI&#8217;s"><img decoding="async" width="1024" height="181" src="https://obera.fr/wp-content/uploads/2025/04/banniere-obera-6-1-1024x181.png" class="attachment-large size-large wp-post-image" alt="obera banner (6)" style="max-width:500px;" srcset="https://obera.fr/wp-content/uploads/2025/04/banniere-obera-6-1-1024x181.png 1024w, https://obera.fr/wp-content/uploads/2025/04/banniere-obera-6-1-300x53.png 300w, https://obera.fr/wp-content/uploads/2025/04/banniere-obera-6-1-768x136.png 768w, https://obera.fr/wp-content/uploads/2025/04/banniere-obera-6-1-1536x272.png 1536w, https://obera.fr/wp-content/uploads/2025/04/banniere-obera-6-1.png 1980w" sizes="(max-width: 1024px) 100vw, 1024px" /></a></div><a class="wp-block-latest-posts__post-title" href="https://obera.fr/nl/farmaceutische-industrie/farmaceutische-industrie-beheersing-van-stofvorming-en-blootstelling-tijdens-het-wegen-en-overbrengen-van-hpapis/">Farmaceutische industrie: Beheersing van stofvorming en blootstelling tijdens het wegen en overbrengen van HPAPI&#8217;s</a><div class="wp-block-latest-posts__post-excerpt">De opkomst van HPAPI&#8217;s (Highly Potent Active Pharmaceutical Ingredients – zeer krachtige actieve farmaceutische ingrediënten) transformeert de farmaceutische productiepraktijken ingrijpend.</div></li>
<li><div class="wp-block-latest-posts__featured-image aligncenter"><a href="https://obera.fr/nl/sport/mobiele-verkoeling-voor-sportevenementen-de-ic-oplossing-van-obera-efficient-en-direct/" aria-label="Mobiele verkoeling voor sportevenementen: de IC-oplossing van OberA, efficiënt en direct"><img decoding="async" width="1024" height="181" src="https://obera.fr/wp-content/uploads/2025/04/banniere-obera-6-1-1024x181.png" class="attachment-large size-large wp-post-image" alt="obera banner (6)" style="max-width:500px;" srcset="https://obera.fr/wp-content/uploads/2025/04/banniere-obera-6-1-1024x181.png 1024w, https://obera.fr/wp-content/uploads/2025/04/banniere-obera-6-1-300x53.png 300w, https://obera.fr/wp-content/uploads/2025/04/banniere-obera-6-1-768x136.png 768w, https://obera.fr/wp-content/uploads/2025/04/banniere-obera-6-1-1536x272.png 1536w, https://obera.fr/wp-content/uploads/2025/04/banniere-obera-6-1.png 1980w" sizes="(max-width: 1024px) 100vw, 1024px" /></a></div><a class="wp-block-latest-posts__post-title" href="https://obera.fr/nl/sport/mobiele-verkoeling-voor-sportevenementen-de-ic-oplossing-van-obera-efficient-en-direct/">Mobiele verkoeling voor sportevenementen: de IC-oplossing van OberA, efficiënt en direct</a><div class="wp-block-latest-posts__post-excerpt">Of het nu gaat om openluchtcompetities, indoor toernooien, tijdelijke structuren of grootschalige evenementen, sportevenementen zijn sterk onderhevig aan klimaatschommelingen.</div></li>
<li><div class="wp-block-latest-posts__featured-image aligncenter"><a href="https://obera.fr/nl/scholen-en-hoger-onderwijs/natuurlijke-en-veilige-verkoeling-voor-scholen-en-naschoolse-ruimtes-de-ic-oplossing-van-obera/" aria-label="Natuurlijke en veilige verkoeling voor scholen en naschoolse ruimtes: de IC-oplossing van OberA"><img decoding="async" width="1024" height="181" src="https://obera.fr/wp-content/uploads/2025/04/banniere-obera-6-1-1024x181.png" class="attachment-large size-large wp-post-image" alt="obera banner (6)" style="max-width:500px;" srcset="https://obera.fr/wp-content/uploads/2025/04/banniere-obera-6-1-1024x181.png 1024w, https://obera.fr/wp-content/uploads/2025/04/banniere-obera-6-1-300x53.png 300w, https://obera.fr/wp-content/uploads/2025/04/banniere-obera-6-1-768x136.png 768w, https://obera.fr/wp-content/uploads/2025/04/banniere-obera-6-1-1536x272.png 1536w, https://obera.fr/wp-content/uploads/2025/04/banniere-obera-6-1.png 1980w" sizes="(max-width: 1024px) 100vw, 1024px" /></a></div><a class="wp-block-latest-posts__post-title" href="https://obera.fr/nl/scholen-en-hoger-onderwijs/natuurlijke-en-veilige-verkoeling-voor-scholen-en-naschoolse-ruimtes-de-ic-oplossing-van-obera/">Natuurlijke en veilige verkoeling voor scholen en naschoolse ruimtes: de IC-oplossing van OberA</a><div class="wp-block-latest-posts__post-excerpt">Instellingen die kinderen en adolescenten ontvangen, zoals scholen, crèches, naschoolse centra, activiteitenzalen of schoolgymzalen, zijn bijzonder kwetsbaar voor hittegolven.</div></li>
<li><div class="wp-block-latest-posts__featured-image aligncenter"><a href="https://obera.fr/nl/restaurants-en-accommodatie/thermisch-comfort-in-de-horeca-obera-ic-koelers-de-mobiele-en-economische-oplossing/" aria-label="Thermisch comfort in de horeca: OberA IC-koelers, de mobiele en economische oplossing"><img decoding="async" width="1024" height="181" src="https://obera.fr/wp-content/uploads/2025/04/banniere-obera-6-1-1024x181.png" class="attachment-large size-large wp-post-image" alt="obera banner (6)" style="max-width:500px;" srcset="https://obera.fr/wp-content/uploads/2025/04/banniere-obera-6-1-1024x181.png 1024w, https://obera.fr/wp-content/uploads/2025/04/banniere-obera-6-1-300x53.png 300w, https://obera.fr/wp-content/uploads/2025/04/banniere-obera-6-1-768x136.png 768w, https://obera.fr/wp-content/uploads/2025/04/banniere-obera-6-1-1536x272.png 1536w, https://obera.fr/wp-content/uploads/2025/04/banniere-obera-6-1.png 1980w" sizes="(max-width: 1024px) 100vw, 1024px" /></a></div><a class="wp-block-latest-posts__post-title" href="https://obera.fr/nl/restaurants-en-accommodatie/thermisch-comfort-in-de-horeca-obera-ic-koelers-de-mobiele-en-economische-oplossing/">Thermisch comfort in de horeca: OberA IC-koelers, de mobiele en economische oplossing</a><div class="wp-block-latest-posts__post-excerpt">In cafés, hotels, restaurants of bedrijfsrestaurants is hitte een factor die zowel de klantervaring als de arbeidsomstandigheden van het personeel beïnvloedt.</div></li>
<li><div class="wp-block-latest-posts__featured-image aligncenter"><a href="https://obera.fr/nl/it-telecom/adiabatische-aanvullende-koeling-een-flexibele-oplossing-voor-datacenters/" aria-label="Adiabatische aanvullende koeling: een flexibele oplossing voor datacenters"><img decoding="async" width="1024" height="181" src="https://obera.fr/wp-content/uploads/2025/05/banniere-obera-1024x181.png" class="attachment-large size-large wp-post-image" alt="obera banner" style="max-width:500px;" srcset="https://obera.fr/wp-content/uploads/2025/05/banniere-obera-1024x181.png 1024w, https://obera.fr/wp-content/uploads/2025/05/banniere-obera-300x53.png 300w, https://obera.fr/wp-content/uploads/2025/05/banniere-obera-768x136.png 768w, https://obera.fr/wp-content/uploads/2025/05/banniere-obera-1536x272.png 1536w, https://obera.fr/wp-content/uploads/2025/05/banniere-obera.png 1980w" sizes="(max-width: 1024px) 100vw, 1024px" /></a></div><a class="wp-block-latest-posts__post-title" href="https://obera.fr/nl/it-telecom/adiabatische-aanvullende-koeling-een-flexibele-oplossing-voor-datacenters/">Adiabatische aanvullende koeling: een flexibele oplossing voor datacenters</a><div class="wp-block-latest-posts__post-excerpt">Datacenters concentreren steeds krachtigere en dichtere IT-belastingen, die aanzienlijke warmte genereren. Thermische beheersing is hierbij een strategische uitdaging voor prestaties, veiligheid en bedrijfscontinuïteit. </div></li>
</ul>
