{"id":48421,"date":"2020-05-01T17:19:45","date_gmt":"2020-05-01T15:19:45","guid":{"rendered":"https:\/\/obera.fr\/os-nossos-produtos\/analisadores-de-ar\/"},"modified":"2025-04-22T09:39:24","modified_gmt":"2025-04-22T07:39:24","slug":"analyseurs-air","status":"publish","type":"page","link":"https:\/\/obera.fr\/pt-pt\/produits\/analyseurs-air\/","title":{"rendered":"Analisadores de ar"},"content":{"rendered":"\n<p>A OberA disp\u00f5e de uma gama de 5 analisadores de ar. O objetivo destes aparelhos \u00e9 revelar os diferentes par\u00e2metros do ar presentes no teu local de trabalho. <\/p>\n\n\n<h2 class=\"wp-block-heading\" id=\"les-produits-de-la-gamme-obera\">Produtos da gama OberA<\/h2>\n\n<div class=\"wp-block-columns is-layout-flex wp-container-core-columns-is-layout-28f84493 wp-block-columns-is-layout-flex\">\n<div class=\"wp-block-column is-layout-flow wp-block-column-is-layout-flow\">\n<h3 class=\"wp-block-heading has-text-align-center\" id=\"obcare\"><a href=\"https:\/\/obera.fr\/pt-pt\/produits\/analyseurs-air\/sensor-de-co2-obcare\/\">OBCARE<\/a><\/h3>\n\n\n\n<figure class=\"wp-block-image aligncenter size-medium is-resized\"><a href=\"https:\/\/obera.fr\/produits\/analyseurs-air\/capteur-co2-obcare\/\"><img decoding=\"async\" width=\"300\" height=\"212\" src=\"https:\/\/obera.fr\/wp-content\/uploads\/2021\/09\/Capteur_CO2_OBCARE-2-300x212.png\" alt=\"sensor de co2 obcare\" class=\"wp-image-6918\" style=\"aspect-ratio:1.4180327868852458;width:216px;height:auto\" srcset=\"https:\/\/obera.fr\/wp-content\/uploads\/2021\/09\/Capteur_CO2_OBCARE-2-300x212.png 300w, https:\/\/obera.fr\/wp-content\/uploads\/2021\/09\/Capteur_CO2_OBCARE-2-768x542.png 768w, https:\/\/obera.fr\/wp-content\/uploads\/2021\/09\/Capteur_CO2_OBCARE-2.png 921w\" sizes=\"(max-width: 300px) 100vw, 300px\" \/><\/a><\/figure>\n\n\n\n<p><\/p>\n\n\n\n<p><a href=\"https:\/\/obera.fr\/pt-pt\/produits\/analyseurs-air\/sensor-de-co2-obcare\/\" data-type=\"page\" data-id=\"6812\"><strong>OBCARE <\/strong>\u00e9 um sensor de C02 puro<\/a>. Utilizando a tecnologia NDIR (sensores de infravermelhos n\u00e3o dispersivos) com auto-calibra\u00e7\u00e3o, o seu objetivo \u00e9 indicar com precis\u00e3o a concentra\u00e7\u00e3o em ppm em tempo real (precis\u00e3o \u00b1 60ppm). <\/p>\n<\/div>\n\n\n\n<div class=\"wp-block-column is-layout-flow wp-block-column-is-layout-flow\">\n<h3 class=\"wp-block-heading has-text-align-center\" id=\"compteur-de-particules\"><a href=\"https:\/\/obera.fr\/pt-pt\/produits\/analyseurs-air\/contador-de-particulas\/\">Contador de part\u00edculas<\/a><\/h3>\n\n\n\n<figure class=\"wp-block-image aligncenter size-thumbnail\"><a href=\"https:\/\/obera.fr\/produits\/analyseurs-air\/compteur-particules\/\"><img decoding=\"async\" width=\"150\" height=\"150\" src=\"https:\/\/obera.fr\/wp-content\/uploads\/2020\/08\/compteur-de-particules-150x150.png\" alt=\"Medidor de part&#xED;culas\" class=\"wp-image-714\" srcset=\"https:\/\/obera.fr\/wp-content\/uploads\/2020\/08\/compteur-de-particules-150x150.png 150w, https:\/\/obera.fr\/wp-content\/uploads\/2020\/08\/compteur-de-particules-300x300.png 300w, https:\/\/obera.fr\/wp-content\/uploads\/2020\/08\/compteur-de-particules.png 433w\" sizes=\"(max-width: 150px) 100vw, 150px\" \/><\/a><\/figure>\n\n\n\n<p>O <a href=\"https:\/\/obera.fr\/pt-pt\/produits\/analyseurs-air\/contador-de-particulas\/\" data-type=\"page\" data-id=\"539\">contador de part\u00edculas OberA<\/a> \u00e9 capaz de medir part\u00edculas de poeira PM0,3 a PM10 (part\u00edculas de 0,3um a 10um). Monitoriza a temperatura de 0\u00b0C a 50\u00b0C e a humidade relativa. <\/p>\n<\/div>\n<\/div>\n\n<div style=\"height:30px\" aria-hidden=\"true\" class=\"wp-block-spacer\"><\/div>\n\n<div class=\"wp-block-buttons is-horizontal is-content-justification-center is-layout-flex wp-container-core-buttons-is-layout-03627597 wp-block-buttons-is-layout-flex\">\n<div class=\"wp-block-button has-custom-width wp-block-button__width-100\"><a class=\"wp-block-button__link wp-element-button\" href=\"https:\/\/obera.fr\/pt-pt\/contacta-nos\/\">Saber mais<\/a><\/div>\n<\/div>\n\n<p><\/p>\n\n<h2 class=\"wp-block-heading\" id=\"pourquoi-mesurer-la-qualite-de-mon-air\">Porqu\u00ea medir a qualidade do meu ar?<\/h2>\n\n<p>O ar \u00e9 um elemento essencial para os seres humanos, e respirar ar saud\u00e1vel \u00e9 essencial para a sa\u00fade e o bem-estar dos empregados. Isto implica analisar o ar respirado pelos teus empregados e decidir se vale a pena equipar o teu local de trabalho com um sistema de tratamento de ar. <\/p>\n\n<p>Esta an\u00e1lise do ar tamb\u00e9m revelar\u00e1 o tipo de poluentes presentes no teu local de trabalho e os seus n\u00edveis de concentra\u00e7\u00e3o, o que ser\u00e1 \u00fatil na escolha da filtragem para o teu sistema de tratamento de ar.<\/p>\n","protected":false},"excerpt":{"rendered":"<p>A OberA disp\u00f5e de uma gama de 5 analisadores de ar. O objetivo destes aparelhos \u00e9 revelar os diferentes par\u00e2metros do ar presentes no teu local de trabalho. Produtos da gama OberA OBCARE OBCARE \u00e9 um sensor de C02 puro. Utilizando a tecnologia NDIR (sensores de infravermelhos n\u00e3o dispersivos) com auto-calibra\u00e7\u00e3o, o seu objetivo \u00e9 indicar com precis\u00e3o a concentra\u00e7\u00e3o em ppm em tempo real (precis\u00e3o \u00b1 60ppm). Contador de part\u00edculas O contador de part\u00edculas OberA \u00e9 capaz de medir part\u00edculas de poeira PM0,3 a PM10 (part\u00edculas de 0,3um a 10um). Monitoriza a temperatura de 0\u00b0C a 50\u00b0C e a &#8230; <\/p>\n<p class=\"read-more-container\"><a title=\"Analisadores de ar\" class=\"read-more button\" href=\"https:\/\/obera.fr\/pt-pt\/produits\/analyseurs-air\/#more-48421\" aria-label=\"Leia mais sobre Analisadores de ar\">Lire la suite<\/a><\/p>\n","protected":false},"author":4,"featured_media":83747,"parent":37912,"menu_order":7,"comment_status":"closed","ping_status":"closed","template":"","meta":{"_acf_changed":false,"_seopress_robots_primary_cat":"","_seopress_titles_title":"Retrouvez tous nos analyseurs d\u2019air de la gamme oberA","_seopress_titles_desc":"OberA dispose d\u2019une gamme de 5 analyseurs d\u2019air. Ces appareils ont pour but de r\u00e9v\u00e9ler les diff\u00e9rents param\u00e8tres de l\u2019air pr\u00e9sent sur votre lieu de travail.","_seopress_robots_index":"","footnotes":""},"class_list":{"0":"post-48421","1":"page","2":"type-page","3":"status-publish","4":"has-post-thumbnail","6":"no-featured-image-padding","7":"resize-featured-image"},"acf":[],"_links":{"self":[{"href":"https:\/\/obera.fr\/pt-pt\/wp-json\/wp\/v2\/pages\/48421","targetHints":{"allow":["GET"]}}],"collection":[{"href":"https:\/\/obera.fr\/pt-pt\/wp-json\/wp\/v2\/pages"}],"about":[{"href":"https:\/\/obera.fr\/pt-pt\/wp-json\/wp\/v2\/types\/page"}],"author":[{"embeddable":true,"href":"https:\/\/obera.fr\/pt-pt\/wp-json\/wp\/v2\/users\/4"}],"replies":[{"embeddable":true,"href":"https:\/\/obera.fr\/pt-pt\/wp-json\/wp\/v2\/comments?post=48421"}],"version-history":[{"count":7,"href":"https:\/\/obera.fr\/pt-pt\/wp-json\/wp\/v2\/pages\/48421\/revisions"}],"predecessor-version":[{"id":63189,"href":"https:\/\/obera.fr\/pt-pt\/wp-json\/wp\/v2\/pages\/48421\/revisions\/63189"}],"up":[{"embeddable":true,"href":"https:\/\/obera.fr\/pt-pt\/wp-json\/wp\/v2\/pages\/37912"}],"wp:featuredmedia":[{"embeddable":true,"href":"https:\/\/obera.fr\/pt-pt\/wp-json\/wp\/v2\/media\/83747"}],"wp:attachment":[{"href":"https:\/\/obera.fr\/pt-pt\/wp-json\/wp\/v2\/media?parent=48421"}],"curies":[{"name":"wp","href":"https:\/\/api.w.org\/{rel}","templated":true}]}}

<p>A OberA dispõe de uma gama de 5 analisadores de ar. O objetivo destes aparelhos é revelar os diferentes parâmetros do ar presentes no teu local de trabalho. </p>


<h2 class="wp-block-heading" id="les-produits-de-la-gamme-obera">Produtos da gama OberA</h2>

<div class="wp-block-columns is-layout-flex wp-container-core-columns-is-layout-28f84493 wp-block-columns-is-layout-flex">
<div class="wp-block-column is-layout-flow wp-block-column-is-layout-flow">
<h3 class="wp-block-heading has-text-align-center" id="obcare"><a href="https://obera.fr/pt-pt/produits/analyseurs-air/sensor-de-co2-obcare/">OBCARE</a></h3>



<figure class="wp-block-image aligncenter size-medium is-resized"><a href="https://obera.fr/produits/analyseurs-air/capteur-co2-obcare/"><img decoding="async" width="300" height="212" src="https://obera.fr/wp-content/uploads/2021/09/Capteur_CO2_OBCARE-2-300x212.png" alt="sensor de co2 obcare" class="wp-image-6918" style="aspect-ratio:1.4180327868852458;width:216px;height:auto" srcset="https://obera.fr/wp-content/uploads/2021/09/Capteur_CO2_OBCARE-2-300x212.png 300w, https://obera.fr/wp-content/uploads/2021/09/Capteur_CO2_OBCARE-2-768x542.png 768w, https://obera.fr/wp-content/uploads/2021/09/Capteur_CO2_OBCARE-2.png 921w" sizes="(max-width: 300px) 100vw, 300px" /></a></figure>



<p></p>



<p><a href="https://obera.fr/pt-pt/produits/analyseurs-air/sensor-de-co2-obcare/" data-type="page" data-id="6812"><strong>OBCARE </strong>é um sensor de C02 puro</a>. Utilizando a tecnologia NDIR (sensores de infravermelhos não dispersivos) com auto-calibração, o seu objetivo é indicar com precisão a concentração em ppm em tempo real (precisão ± 60ppm). </p>
</div>



<div class="wp-block-column is-layout-flow wp-block-column-is-layout-flow">
<h3 class="wp-block-heading has-text-align-center" id="compteur-de-particules"><a href="https://obera.fr/pt-pt/produits/analyseurs-air/contador-de-particulas/">Contador de partículas</a></h3>



<figure class="wp-block-image aligncenter size-thumbnail"><a href="https://obera.fr/produits/analyseurs-air/compteur-particules/"><img decoding="async" width="150" height="150" src="https://obera.fr/wp-content/uploads/2020/08/compteur-de-particules-150x150.png" alt="Medidor de part&#xED;culas" class="wp-image-714" srcset="https://obera.fr/wp-content/uploads/2020/08/compteur-de-particules-150x150.png 150w, https://obera.fr/wp-content/uploads/2020/08/compteur-de-particules-300x300.png 300w, https://obera.fr/wp-content/uploads/2020/08/compteur-de-particules.png 433w" sizes="(max-width: 150px) 100vw, 150px" /></a></figure>



<p>O <a href="https://obera.fr/pt-pt/produits/analyseurs-air/contador-de-particulas/" data-type="page" data-id="539">contador de partículas OberA</a> é capaz de medir partículas de poeira PM0,3 a PM10 (partículas de 0,3um a 10um). Monitoriza a temperatura de 0°C a 50°C e a humidade relativa. </p>
</div>
</div>

<div style="height:30px" aria-hidden="true" class="wp-block-spacer"></div>

<div class="wp-block-buttons is-horizontal is-content-justification-center is-layout-flex wp-container-core-buttons-is-layout-03627597 wp-block-buttons-is-layout-flex">
<div class="wp-block-button has-custom-width wp-block-button__width-100"><a class="wp-block-button__link wp-element-button" href="https://obera.fr/pt-pt/contacta-nos/">Saber mais</a></div>
</div>

<p></p>

<h2 class="wp-block-heading" id="pourquoi-mesurer-la-qualite-de-mon-air">Porquê medir a qualidade do meu ar?</h2>

<p>O ar é um elemento essencial para os seres humanos, e respirar ar saudável é essencial para a saúde e o bem-estar dos empregados. Isto implica analisar o ar respirado pelos teus empregados e decidir se vale a pena equipar o teu local de trabalho com um sistema de tratamento de ar. </p>

<p>Esta análise do ar também revelará o tipo de poluentes presentes no teu local de trabalho e os seus níveis de concentração, o que será útil na escolha da filtragem para o teu sistema de tratamento de ar.</p>

<p>A OberA dispõe de uma gama de 5 analisadores de ar. O objetivo destes aparelhos é revelar os diferentes parâmetros do ar presentes no teu local de trabalho. Produtos da gama OberA OBCARE OBCARE é um sensor de C02 puro. Utilizando a tecnologia NDIR (sensores de infravermelhos não dispersivos) com auto-calibração, o seu objetivo é indicar com precisão a concentração em ppm em tempo real (precisão ± 60ppm). Contador de partículas O contador de partículas OberA é capaz de medir partículas de poeira PM0,3 a PM10 (partículas de 0,3um a 10um). Monitoriza a temperatura de 0°C a 50°C e a &#8230; </p>
<p class="read-more-container"><a title="Analisadores de ar" class="read-more button" href="https://obera.fr/pt-pt/produits/analyseurs-air/#more-48421" aria-label="Leia mais sobre Analisadores de ar">Lire la suite</a></p>

OberA dispose d’une gamme de 5 analyseurs d’air. Ces appareils ont pour but de révéler les différents paramètres de l’air présent sur votre lieu de travail.
