{"id":48386,"date":"2020-08-26T13:00:52","date_gmt":"2020-08-26T11:00:52","guid":{"rendered":"https:\/\/obera.fr\/produsele-noastre\/analizoare-de-aer\/contor-de-particule\/"},"modified":"2025-06-03T15:18:14","modified_gmt":"2025-06-03T13:18:14","slug":"compteur-particules","status":"publish","type":"page","link":"https:\/\/obera.fr\/ro\/produits\/analyseurs-air\/compteur-particules\/","title":{"rendered":"Contor de particule"},"content":{"rendered":"\n<h2 class=\"wp-block-heading\">Monitorizarea nivelului de praf<\/h2>\n\n\n\n<div class=\"wp-block-columns is-layout-flex wp-container-core-columns-is-layout-28f84493 wp-block-columns-is-layout-flex\">\n<div class=\"wp-block-column is-layout-flow wp-block-column-is-layout-flow\" style=\"flex-basis:33.33%\">\n<figure class=\"wp-block-image aligncenter size-thumbnail\"><img decoding=\"async\" width=\"150\" height=\"150\" src=\"https:\/\/obera.fr\/wp-content\/uploads\/2020\/08\/compteur-de-particules-150x150.png\" alt=\"Contor de particule\" class=\"wp-image-714\" srcset=\"https:\/\/obera.fr\/wp-content\/uploads\/2020\/08\/compteur-de-particules-150x150.png 150w, https:\/\/obera.fr\/wp-content\/uploads\/2020\/08\/compteur-de-particules-300x300.png 300w, https:\/\/obera.fr\/wp-content\/uploads\/2020\/08\/compteur-de-particules.png 433w\" sizes=\"(max-width: 150px) 100vw, 150px\" \/><figcaption class=\"wp-element-caption\">Contor de particule<\/figcaption><\/figure>\n<\/div>\n\n\n\n<div class=\"wp-block-column is-layout-flow wp-block-column-is-layout-flow\" style=\"flex-basis:66.66%\">\n<p><strong>Contorul de particule OberA<\/strong> este un instrument universal pentru num\u0103rarea particulelor din aer.  <\/p>\n\n\n\n<p>Este capabil s\u0103 calculeze \u0219ase frac\u021biuni granulometrice diferite de praf (particule de la 0,3 la 10 \u00b5m), precum \u0219i s\u0103 \u00eenregistreze umiditatea \u0219i temperatura ambiental\u0103.  <\/p>\n\n\n\n<p>Acest lucru face din contorul de particule o pies\u0103 universal\u0103 de echipament.<\/p>\n\n\n\n<hr class=\"wp-block-separator has-text-color has-black-color has-css-opacity has-black-background-color has-background is-style-dots\"\/>\n\n\n\n<div class=\"wp-block-columns is-layout-flex wp-container-core-columns-is-layout-28f84493 wp-block-columns-is-layout-flex\">\n<div class=\"wp-block-column is-layout-flow wp-block-column-is-layout-flow\" style=\"flex-basis:33.33%\">\n<div class=\"wp-block-buttons is-layout-flex wp-block-buttons-is-layout-flex\">\n<div class=\"wp-block-button\"><a class=\"wp-block-button__link wp-element-button\" href=\"https:\/\/obera.fr\/wp-content\/uploads\/2025\/04\/brochure-obdt-9883m-en.pdf\"><strong>DESC\u0102RCA\u021aI<\/strong>BRO\u0218URA<\/a><\/div>\n<\/div>\n<\/div>\n\n\n\n<div class=\"wp-block-column is-layout-flow wp-block-column-is-layout-flow\" style=\"flex-basis:33.34%\">\n<div class=\"wp-block-buttons is-horizontal is-content-justification-center is-layout-flex wp-container-core-buttons-is-layout-03627597 wp-block-buttons-is-layout-flex\">\n<div class=\"wp-block-button has-custom-width wp-block-button__width-100\"><a class=\"wp-block-button__link wp-element-button\" href=\"https:\/\/obera.fr\/ro\/contactati-ne\/\">Afl\u0103 mai multe<\/a><\/div>\n<\/div>\n<\/div>\n\n\n\n<div class=\"wp-block-column is-layout-flow wp-block-column-is-layout-flow\" style=\"flex-basis:33.34%\">\n<div class=\"wp-block-buttons is-content-justification-center is-layout-flex wp-container-core-buttons-is-layout-a89b3969 wp-block-buttons-is-layout-flex\">\n<div class=\"wp-block-button btn-devis-source\"><a class=\"wp-block-button__link wp-element-button\" href=\"https:\/\/obera.fr\/ro\/devis\/\">Solicita\u021bi o ofert\u0103<\/a><\/div>\n<\/div>\n\n\n<script>\r\ndocument.addEventListener('DOMContentLoaded', function() {\r\n    \/\/ 1. On cherche le titre H1 de la page\r\n    var h1 = document.querySelector('h1');\r\n    var productTitle = h1 ? h1.innerText.trim() : \"\";\r\n\r\n    \/\/ 2. On cherche les boutons via la classe CSS .btn-devis-source\r\n    var buttons = document.querySelectorAll('.btn-devis-source a');\r\n\r\n    \/\/ 3. Si on a le titre et les boutons, on ajoute le param\u00e8tre\r\n    if (buttons.length > 0 && productTitle !== \"\") {\r\n        var encodedTitle = encodeURIComponent(productTitle);\r\n\r\n        buttons.forEach(function(btn) {\r\n            var currentHref = btn.getAttribute('href');\r\n            \r\n            \/\/ S\u00e9curit\u00e9 pour ne pas ajouter le param\u00e8tre 2 fois\r\n            if (currentHref.indexOf('sujet=') === -1) {\r\n                var separator = currentHref.indexOf('?') !== -1 ? '&' : '?';\r\n                var newLink = currentHref + separator + 'sujet=' + encodedTitle;\r\n                \r\n                btn.setAttribute('href', newLink);\r\n            }\r\n        });\r\n    }\r\n});\r\n<\/script><\/div>\n<\/div>\n\n\n\n<p><\/p>\n<\/div>\n<\/div>\n\n\n\n<h2 class=\"wp-block-heading\">Beneficiile contoarelor de particule<\/h2>\n\n\n\n<div class=\"wp-block-columns is-layout-flex wp-container-core-columns-is-layout-28f84493 wp-block-columns-is-layout-flex\">\n<div class=\"wp-block-column is-layout-flow wp-block-column-is-layout-flow\">\n<h3 class=\"wp-block-heading has-text-align-center\"><strong>Beneficii<\/strong><\/h3>\n\n\n\n<ul class=\"wp-block-list\">\n<li>Detecteaz\u0103 6 dimensiuni (0,3\/0,5\/1,0\/2,5\/5,0\/10 \u03bcm)<\/li>\n\n\n\n<li>M\u0103surarea temperaturii \u0219i umidit\u0103\u021bii<\/li>\n\n\n\n<li>Camer\u0103 integrat\u0103 pentru \u00eenregistrarea de imagini \u0219i video<\/li>\n<\/ul>\n<\/div>\n\n\n\n<div class=\"wp-block-column is-layout-flow wp-block-column-is-layout-flow\">\n<h3 class=\"wp-block-heading has-text-align-center\"><strong>Exemple de industrii utilizatoare<\/strong><\/h3>\n\n\n\n<ul class=\"wp-block-list\">\n<li>Camere gri<\/li>\n\n\n\n<li>Inginerie mecanic\u0103<\/li>\n\n\n\n<li>Metalurgie<\/li>\n\n\n\n<li>Materiale plastice<\/li>\n\n\n\n<li>Lemn<\/li>\n\n\n\n<li>Petrochimie<\/li>\n\n\n\n<li>Polimeri \u0219i materiale plastice<\/li>\n\n\n\n<li>Produse farmaceutice<\/li>\n\n\n\n<li>Industria alimentar\u0103<\/li>\n<\/ul>\n<\/div>\n<\/div>\n\n\n\n<h2 class=\"wp-block-heading\">Poluan\u021bi m\u0103sura\u021bi<\/h2>\n\n\n\n<div class=\"wp-block-columns is-layout-flex wp-container-core-columns-is-layout-28f84493 wp-block-columns-is-layout-flex\">\n<div class=\"wp-block-column is-layout-flow wp-block-column-is-layout-flow\">\n<h3 class=\"wp-block-heading\"><strong>Senzor de praf PM 0.3 p\u00e2n\u0103 la PM 10<\/strong><\/h3>\n\n\n\n<p>(particule mai mari de 0,3\u00b5g p\u00e2n\u0103 la 10\u00b5m)<\/p>\n\n\n\n<p>Analizorul de particule oberA este capabil s\u0103 m\u0103soare simultan 6 dimensiuni ale particulelor. :<\/p>\n\n\n\n<p>0,3\u00b5m \/ 0,5\u00b5m \/ 1\u00b5m \/ 2,5\u00b5m \/ 5\u00b5m \/ 10\u00b5m<\/p>\n<\/div>\n\n\n\n<div class=\"wp-block-column is-layout-flow wp-block-column-is-layout-flow\">\n<h3 class=\"wp-block-heading\"><strong>Senzor de temperatur\u0103<\/strong><\/h3>\n\n\n\n<p>Interval de m\u0103surare de la -0 la +50 \u00b0C<\/p>\n<\/div>\n\n\n\n<div class=\"wp-block-column is-layout-flow wp-block-column-is-layout-flow\">\n<h3 class=\"wp-block-heading\"><strong>Umiditate relativ\u0103<\/strong><\/h3>\n\n\n\n<p>M\u0103soar\u0103 umiditatea relativ\u0103 de la 0 la 100%<\/p>\n<\/div>\n<\/div>\n\n\n\n<div class=\"wp-block-buttons is-horizontal is-content-justification-center is-layout-flex wp-container-core-buttons-is-layout-03627597 wp-block-buttons-is-layout-flex\">\n<div class=\"wp-block-button\"><a class=\"wp-block-button__link wp-element-button\" href=\"https:\/\/obera.fr\/wp-content\/uploads\/2024\/02\/brochure-compteur-de-particules-.pdf\">Desc\u0103rca\u021bi fi\u0219a produsului<\/a><\/div>\n<\/div>\n\n\n\n<hr class=\"wp-block-separator has-css-opacity is-style-dots\"\/>\n\n\n\n<h2 class=\"wp-block-heading\">Alte analizoare de aer OberA<\/h2>\n\n\n\n<div class=\"wp-block-columns is-layout-flex wp-container-core-columns-is-layout-28f84493 wp-block-columns-is-layout-flex\">\n<div class=\"wp-block-column is-layout-flow wp-block-column-is-layout-flow\"><\/div>\n\n\n\n<div class=\"wp-block-column is-layout-flow wp-block-column-is-layout-flow\">\n<figure class=\"wp-block-image aligncenter size-medium is-resized\"><a href=\"https:\/\/obera.fr\/produits\/analyseurs-air\/capteur-co2-obcare\/\"><img decoding=\"async\" width=\"300\" height=\"212\" src=\"https:\/\/obera.fr\/wp-content\/uploads\/2021\/09\/Capteur_CO2_OBCARE-2-300x212.png\" alt=\"senzor co2 obcare\" class=\"wp-image-6918\" srcset=\"https:\/\/obera.fr\/wp-content\/uploads\/2021\/09\/Capteur_CO2_OBCARE-2-300x212.png 300w, https:\/\/obera.fr\/wp-content\/uploads\/2021\/09\/Capteur_CO2_OBCARE-2-768x542.png 768w, https:\/\/obera.fr\/wp-content\/uploads\/2021\/09\/Capteur_CO2_OBCARE-2.png 921w\" sizes=\"(max-width: 300px) 100vw, 300px\" \/><\/a><figcaption class=\"wp-element-caption\">OBCARE<\/figcaption><\/figure>\n<\/div>\n\n\n\n<div class=\"wp-block-column is-layout-flow wp-block-column-is-layout-flow\"><\/div>\n\n\n\n<div class=\"wp-block-column is-layout-flow wp-block-column-is-layout-flow\"><\/div>\n<\/div>\n\n\n\n<p><\/p>\n","protected":false},"excerpt":{"rendered":"<p>Monitorizarea nivelului de praf Contorul de particule OberA este un instrument universal pentru num\u0103rarea particulelor din aer. Este capabil s\u0103 calculeze \u0219ase frac\u021biuni granulometrice diferite de praf (particule de la 0,3 la 10 \u00b5m), precum \u0219i s\u0103 \u00eenregistreze umiditatea \u0219i temperatura ambiental\u0103. Acest lucru face din contorul de particule o pies\u0103 universal\u0103 de echipament. Beneficiile contoarelor de particule Beneficii Exemple de industrii utilizatoare Poluan\u021bi m\u0103sura\u021bi Senzor de praf PM 0.3 p\u00e2n\u0103 la PM 10 (particule mai mari de 0,3\u00b5g p\u00e2n\u0103 la 10\u00b5m) Analizorul de particule oberA este capabil s\u0103 m\u0103soare simultan 6 dimensiuni ale particulelor. : 0,3\u00b5m \/ 0,5\u00b5m \/ &#8230; <\/p>\n<p class=\"read-more-container\"><a title=\"Contor de particule\" class=\"read-more button\" href=\"https:\/\/obera.fr\/ro\/produits\/analyseurs-air\/compteur-particules\/#more-48386\" aria-label=\"Cite\u0219te mai multe despre Contor de particule\">Lire la suite<\/a><\/p>\n","protected":false},"author":4,"featured_media":83748,"parent":48371,"menu_order":0,"comment_status":"closed","ping_status":"closed","template":"","meta":{"_acf_changed":false,"_seopress_robots_primary_cat":"","_seopress_titles_title":"Compteur de particules de poussi\u00e8res dans l'air","_seopress_titles_desc":"Le compteur oberA permet de compter des particules dans l\u2019air. Il est capable de calculer six fractions granulom\u00e9triques de poussi\u00e8res diff\u00e9rentes.","_seopress_robots_index":"","footnotes":""},"class_list":{"0":"post-48386","1":"page","2":"type-page","3":"status-publish","4":"has-post-thumbnail","6":"no-featured-image-padding","7":"resize-featured-image"},"acf":[],"_links":{"self":[{"href":"https:\/\/obera.fr\/ro\/wp-json\/wp\/v2\/pages\/48386","targetHints":{"allow":["GET"]}}],"collection":[{"href":"https:\/\/obera.fr\/ro\/wp-json\/wp\/v2\/pages"}],"about":[{"href":"https:\/\/obera.fr\/ro\/wp-json\/wp\/v2\/types\/page"}],"author":[{"embeddable":true,"href":"https:\/\/obera.fr\/ro\/wp-json\/wp\/v2\/users\/4"}],"replies":[{"embeddable":true,"href":"https:\/\/obera.fr\/ro\/wp-json\/wp\/v2\/comments?post=48386"}],"version-history":[{"count":3,"href":"https:\/\/obera.fr\/ro\/wp-json\/wp\/v2\/pages\/48386\/revisions"}],"predecessor-version":[{"id":108448,"href":"https:\/\/obera.fr\/ro\/wp-json\/wp\/v2\/pages\/48386\/revisions\/108448"}],"up":[{"embeddable":true,"href":"https:\/\/obera.fr\/ro\/wp-json\/wp\/v2\/pages\/48371"}],"wp:featuredmedia":[{"embeddable":true,"href":"https:\/\/obera.fr\/ro\/wp-json\/wp\/v2\/media\/83748"}],"wp:attachment":[{"href":"https:\/\/obera.fr\/ro\/wp-json\/wp\/v2\/media?parent=48386"}],"curies":[{"name":"wp","href":"https:\/\/api.w.org\/{rel}","templated":true}]}}

<h2 class="wp-block-heading">Monitorizarea nivelului de praf</h2>



<div class="wp-block-columns is-layout-flex wp-container-core-columns-is-layout-28f84493 wp-block-columns-is-layout-flex">
<div class="wp-block-column is-layout-flow wp-block-column-is-layout-flow" style="flex-basis:33.33%">
<figure class="wp-block-image aligncenter size-thumbnail"><img decoding="async" width="150" height="150" src="https://obera.fr/wp-content/uploads/2020/08/compteur-de-particules-150x150.png" alt="Contor de particule" class="wp-image-714" srcset="https://obera.fr/wp-content/uploads/2020/08/compteur-de-particules-150x150.png 150w, https://obera.fr/wp-content/uploads/2020/08/compteur-de-particules-300x300.png 300w, https://obera.fr/wp-content/uploads/2020/08/compteur-de-particules.png 433w" sizes="(max-width: 150px) 100vw, 150px" /><figcaption class="wp-element-caption">Contor de particule</figcaption></figure>
</div>



<div class="wp-block-column is-layout-flow wp-block-column-is-layout-flow" style="flex-basis:66.66%">
<p><strong>Contorul de particule OberA</strong> este un instrument universal pentru numărarea particulelor din aer.  </p>



<p>Este capabil să calculeze șase fracțiuni granulometrice diferite de praf (particule de la 0,3 la 10 µm), precum și să înregistreze umiditatea și temperatura ambientală.  </p>



<p>Acest lucru face din contorul de particule o piesă universală de echipament.</p>



<hr class="wp-block-separator has-text-color has-black-color has-css-opacity has-black-background-color has-background is-style-dots"/>



<div class="wp-block-columns is-layout-flex wp-container-core-columns-is-layout-28f84493 wp-block-columns-is-layout-flex">
<div class="wp-block-column is-layout-flow wp-block-column-is-layout-flow" style="flex-basis:33.33%">
<div class="wp-block-buttons is-layout-flex wp-block-buttons-is-layout-flex">
<div class="wp-block-button"><a class="wp-block-button__link wp-element-button" href="https://obera.fr/wp-content/uploads/2025/04/brochure-obdt-9883m-en.pdf"><strong>DESCĂRCAȚI</strong>BROȘURA</a></div>
</div>
</div>



<div class="wp-block-column is-layout-flow wp-block-column-is-layout-flow" style="flex-basis:33.34%">
<div class="wp-block-buttons is-horizontal is-content-justification-center is-layout-flex wp-container-core-buttons-is-layout-03627597 wp-block-buttons-is-layout-flex">
<div class="wp-block-button has-custom-width wp-block-button__width-100"><a class="wp-block-button__link wp-element-button" href="https://obera.fr/ro/contactati-ne/">Află mai multe</a></div>
</div>
</div>



<div class="wp-block-column is-layout-flow wp-block-column-is-layout-flow" style="flex-basis:33.34%">
<div class="wp-block-buttons is-content-justification-center is-layout-flex wp-container-core-buttons-is-layout-a89b3969 wp-block-buttons-is-layout-flex">
<div class="wp-block-button btn-devis-source"><a class="wp-block-button__link wp-element-button" href="https://obera.fr/ro/devis/">Solicitați o ofertă</a></div>
</div>


<script>
document.addEventListener('DOMContentLoaded', function() {
    // 1. On cherche le titre H1 de la page
    var h1 = document.querySelector('h1');
    var productTitle = h1 ? h1.innerText.trim() : "";

    // 2. On cherche les boutons via la classe CSS .btn-devis-source
    var buttons = document.querySelectorAll('.btn-devis-source a');

    // 3. Si on a le titre et les boutons, on ajoute le paramètre
    if (buttons.length > 0 && productTitle !== "") {
        var encodedTitle = encodeURIComponent(productTitle);

        buttons.forEach(function(btn) {
            var currentHref = btn.getAttribute('href');
            
            // Sécurité pour ne pas ajouter le paramètre 2 fois
            if (currentHref.indexOf('sujet=') === -1) {
                var separator = currentHref.indexOf('?') !== -1 ? '&' : '?';
                var newLink = currentHref + separator + 'sujet=' + encodedTitle;
                
                btn.setAttribute('href', newLink);
            }
        });
    }
});
</script></div>
</div>



<p></p>
</div>
</div>



<h2 class="wp-block-heading">Beneficiile contoarelor de particule</h2>



<div class="wp-block-columns is-layout-flex wp-container-core-columns-is-layout-28f84493 wp-block-columns-is-layout-flex">
<div class="wp-block-column is-layout-flow wp-block-column-is-layout-flow">
<h3 class="wp-block-heading has-text-align-center"><strong>Beneficii</strong></h3>



<ul class="wp-block-list">
<li>Detectează 6 dimensiuni (0,3/0,5/1,0/2,5/5,0/10 μm)</li>



<li>Măsurarea temperaturii și umidității</li>



<li>Cameră integrată pentru înregistrarea de imagini și video</li>
</ul>
</div>



<div class="wp-block-column is-layout-flow wp-block-column-is-layout-flow">
<h3 class="wp-block-heading has-text-align-center"><strong>Exemple de industrii utilizatoare</strong></h3>



<ul class="wp-block-list">
<li>Camere gri</li>



<li>Inginerie mecanică</li>



<li>Metalurgie</li>



<li>Materiale plastice</li>



<li>Lemn</li>



<li>Petrochimie</li>



<li>Polimeri și materiale plastice</li>



<li>Produse farmaceutice</li>



<li>Industria alimentară</li>
</ul>
</div>
</div>



<h2 class="wp-block-heading">Poluanți măsurați</h2>



<div class="wp-block-columns is-layout-flex wp-container-core-columns-is-layout-28f84493 wp-block-columns-is-layout-flex">
<div class="wp-block-column is-layout-flow wp-block-column-is-layout-flow">
<h3 class="wp-block-heading"><strong>Senzor de praf PM 0.3 până la PM 10</strong></h3>



<p>(particule mai mari de 0,3µg până la 10µm)</p>



<p>Analizorul de particule oberA este capabil să măsoare simultan 6 dimensiuni ale particulelor. :</p>



<p>0,3µm / 0,5µm / 1µm / 2,5µm / 5µm / 10µm</p>
</div>



<div class="wp-block-column is-layout-flow wp-block-column-is-layout-flow">
<h3 class="wp-block-heading"><strong>Senzor de temperatură</strong></h3>



<p>Interval de măsurare de la -0 la +50 °C</p>
</div>



<div class="wp-block-column is-layout-flow wp-block-column-is-layout-flow">
<h3 class="wp-block-heading"><strong>Umiditate relativă</strong></h3>



<p>Măsoară umiditatea relativă de la 0 la 100%</p>
</div>
</div>



<div class="wp-block-buttons is-horizontal is-content-justification-center is-layout-flex wp-container-core-buttons-is-layout-03627597 wp-block-buttons-is-layout-flex">
<div class="wp-block-button"><a class="wp-block-button__link wp-element-button" href="https://obera.fr/wp-content/uploads/2024/02/brochure-compteur-de-particules-.pdf">Descărcați fișa produsului</a></div>
</div>



<hr class="wp-block-separator has-css-opacity is-style-dots"/>



<h2 class="wp-block-heading">Alte analizoare de aer OberA</h2>



<div class="wp-block-columns is-layout-flex wp-container-core-columns-is-layout-28f84493 wp-block-columns-is-layout-flex">
<div class="wp-block-column is-layout-flow wp-block-column-is-layout-flow"></div>



<div class="wp-block-column is-layout-flow wp-block-column-is-layout-flow">
<figure class="wp-block-image aligncenter size-medium is-resized"><a href="https://obera.fr/produits/analyseurs-air/capteur-co2-obcare/"><img decoding="async" width="300" height="212" src="https://obera.fr/wp-content/uploads/2021/09/Capteur_CO2_OBCARE-2-300x212.png" alt="senzor co2 obcare" class="wp-image-6918" srcset="https://obera.fr/wp-content/uploads/2021/09/Capteur_CO2_OBCARE-2-300x212.png 300w, https://obera.fr/wp-content/uploads/2021/09/Capteur_CO2_OBCARE-2-768x542.png 768w, https://obera.fr/wp-content/uploads/2021/09/Capteur_CO2_OBCARE-2.png 921w" sizes="(max-width: 300px) 100vw, 300px" /></a><figcaption class="wp-element-caption">OBCARE</figcaption></figure>
</div>



<div class="wp-block-column is-layout-flow wp-block-column-is-layout-flow"></div>



<div class="wp-block-column is-layout-flow wp-block-column-is-layout-flow"></div>
</div>



<p></p>

<p>Monitorizarea nivelului de praf Contorul de particule OberA este un instrument universal pentru numărarea particulelor din aer. Este capabil să calculeze șase fracțiuni granulometrice diferite de praf (particule de la 0,3 la 10 µm), precum și să înregistreze umiditatea și temperatura ambientală. Acest lucru face din contorul de particule o piesă universală de echipament. Beneficiile contoarelor de particule Beneficii Exemple de industrii utilizatoare Poluanți măsurați Senzor de praf PM 0.3 până la PM 10 (particule mai mari de 0,3µg până la 10µm) Analizorul de particule oberA este capabil să măsoare simultan 6 dimensiuni ale particulelor. : 0,3µm / 0,5µm / &#8230; </p>
<p class="read-more-container"><a title="Contor de particule" class="read-more button" href="https://obera.fr/ro/produits/analyseurs-air/compteur-particules/#more-48386" aria-label="Citește mai multe despre Contor de particule">Lire la suite</a></p>

Compteur de particules de poussières dans l'air

Le compteur oberA permet de compter des particules dans l’air. Il est capable de calculer six fractions granulométriques de poussières différentes.
