{"id":48354,"date":"2020-05-01T17:19:45","date_gmt":"2020-05-01T15:19:45","guid":{"rendered":"https:\/\/obera.fr\/nase-produkty\/analyzatory-vzduchu\/"},"modified":"2025-04-22T09:39:42","modified_gmt":"2025-04-22T07:39:42","slug":"analyseurs-air","status":"publish","type":"page","link":"https:\/\/obera.fr\/sk\/produits\/analyseurs-air\/","title":{"rendered":"Analyz\u00e1tory vzduchu"},"content":{"rendered":"\n<p>Spolo\u010dnos\u0165 OberA m\u00e1 v ponuke 5 analyz\u00e1torov vzduchu. \u00da\u010delom t\u00fdchto zariaden\u00ed je odhali\u0165 r\u00f4zne parametre vzduchu pr\u00edtomn\u00e9 na va\u0161om pracovisku. <\/p>\n\n\n<h2 class=\"wp-block-heading\" id=\"les-produits-de-la-gamme-obera\">Produkty radu OberA<\/h2>\n\n<div class=\"wp-block-columns is-layout-flex wp-container-core-columns-is-layout-28f84493 wp-block-columns-is-layout-flex\">\n<div class=\"wp-block-column is-layout-flow wp-block-column-is-layout-flow\">\n<h3 class=\"wp-block-heading has-text-align-center\" id=\"obcare\"><a href=\"https:\/\/obera.fr\/sk\/produits\/analyseurs-air\/senzor-co2-obcare\/\">OBCARE<\/a><\/h3>\n\n\n\n<figure class=\"wp-block-image aligncenter size-medium is-resized\"><a href=\"https:\/\/obera.fr\/produits\/analyseurs-air\/capteur-co2-obcare\/\"><img decoding=\"async\" width=\"300\" height=\"212\" src=\"https:\/\/obera.fr\/wp-content\/uploads\/2021\/09\/Capteur_CO2_OBCARE-2-300x212.png\" alt=\"Senzor CO2 obcare\" class=\"wp-image-6918\" style=\"aspect-ratio:1.4180327868852458;width:216px;height:auto\" srcset=\"https:\/\/obera.fr\/wp-content\/uploads\/2021\/09\/Capteur_CO2_OBCARE-2-300x212.png 300w, https:\/\/obera.fr\/wp-content\/uploads\/2021\/09\/Capteur_CO2_OBCARE-2-768x542.png 768w, https:\/\/obera.fr\/wp-content\/uploads\/2021\/09\/Capteur_CO2_OBCARE-2.png 921w\" sizes=\"(max-width: 300px) 100vw, 300px\" \/><\/a><\/figure>\n\n\n\n<p><\/p>\n\n\n\n<p><a href=\"https:\/\/obera.fr\/sk\/produits\/analyseurs-air\/senzor-co2-obcare\/\" data-type=\"page\" data-id=\"6812\"><strong>OBCARE <\/strong>je \u010dist\u00fd senzor C02<\/a>. Vyu\u017e\u00edva technol\u00f3giu NDIR (nedisperzn\u00e9 infra\u010derven\u00e9 senzory) s automatickou kalibr\u00e1ciou a jeho cie\u013eom je presne indikova\u0165 koncentr\u00e1ciu v ppm v re\u00e1lnom \u010dase (presnos\u0165 \u00b1 60 ppm). <\/p>\n<\/div>\n\n\n\n<div class=\"wp-block-column is-layout-flow wp-block-column-is-layout-flow\">\n<h3 class=\"wp-block-heading has-text-align-center\" id=\"compteur-de-particules\"><a href=\"https:\/\/obera.fr\/sk\/produits\/analyseurs-air\/pocitadlo-castic\/\">Po\u010d\u00edtadlo \u010dast\u00edc<\/a><\/h3>\n\n\n\n<figure class=\"wp-block-image aligncenter size-thumbnail\"><a href=\"https:\/\/obera.fr\/produits\/analyseurs-air\/compteur-particules\/\"><img decoding=\"async\" width=\"150\" height=\"150\" src=\"https:\/\/obera.fr\/wp-content\/uploads\/2020\/08\/compteur-de-particules-150x150.png\" alt=\"Mera&#x10D; pevn&#xFD;ch &#x10D;ast&#xED;c\" class=\"wp-image-714\" srcset=\"https:\/\/obera.fr\/wp-content\/uploads\/2020\/08\/compteur-de-particules-150x150.png 150w, https:\/\/obera.fr\/wp-content\/uploads\/2020\/08\/compteur-de-particules-300x300.png 300w, https:\/\/obera.fr\/wp-content\/uploads\/2020\/08\/compteur-de-particules.png 433w\" sizes=\"(max-width: 150px) 100vw, 150px\" \/><\/a><\/figure>\n\n\n\n<p><a href=\"https:\/\/obera.fr\/sk\/produits\/analyseurs-air\/pocitadlo-castic\/\" data-type=\"page\" data-id=\"539\">Po\u010d\u00edta\u010d \u010dast\u00edc OberA<\/a> dok\u00e1\u017ee mera\u0165 prachov\u00e9 \u010dastice PM0,3 a\u017e PM10 (\u010dastice od 0,3um do 10um). Monitoruje teplotu od 0 \u00b0C do 50 \u00b0C a relat\u00edvnu vlhkos\u0165. <\/p>\n<\/div>\n<\/div>\n\n<div style=\"height:30px\" aria-hidden=\"true\" class=\"wp-block-spacer\"><\/div>\n\n<div class=\"wp-block-buttons is-horizontal is-content-justification-center is-layout-flex wp-container-core-buttons-is-layout-03627597 wp-block-buttons-is-layout-flex\">\n<div class=\"wp-block-button has-custom-width wp-block-button__width-100\"><a class=\"wp-block-button__link wp-element-button\" href=\"https:\/\/obera.fr\/sk\/kontaktujte-nas\/\">Ve\u010d o tem<\/a><\/div>\n<\/div>\n\n<p><\/p>\n\n<h2 class=\"wp-block-heading\" id=\"pourquoi-mesurer-la-qualite-de-mon-air\">Pre\u010do mera\u0165 kvalitu m\u00f4jho ovzdu\u0161ia?<\/h2>\n\n<p>Vzduch je pre \u010dloveka z\u00e1kladn\u00fdm prvkom a d\u00fdchanie zdrav\u00e9ho vzduchu je nevyhnutn\u00e9 pre zdravie a pohodu zamestnancov. To zah\u0155\u0148a anal\u00fdzu vzduchu, ktor\u00fd d\u00fdchaj\u00fa va\u0161i zamestnanci, a rozhodnutie, \u010di sa oplat\u00ed vybavi\u0165 va\u0161e pracovisko syst\u00e9mom na \u00fapravu vzduchu. <\/p>\n\n<p>T\u00e1to anal\u00fdza vzduchu odhal\u00ed aj typ zne\u010dis\u0165uj\u00facich l\u00e1tok pr\u00edtomn\u00fdch na va\u0161om pracovisku a \u00farovne ich koncentr\u00e1cie, \u010do bude u\u017eito\u010dn\u00e9 pri v\u00fdbere filtr\u00e1cie pre v\u00e1\u0161 vzduchotechnick\u00fd syst\u00e9m.<\/p>\n","protected":false},"excerpt":{"rendered":"<p>Spolo\u010dnos\u0165 OberA m\u00e1 v ponuke 5 analyz\u00e1torov vzduchu. \u00da\u010delom t\u00fdchto zariaden\u00ed je odhali\u0165 r\u00f4zne parametre vzduchu pr\u00edtomn\u00e9 na va\u0161om pracovisku. Produkty radu OberA OBCARE OBCARE je \u010dist\u00fd senzor C02. Vyu\u017e\u00edva technol\u00f3giu NDIR (nedisperzn\u00e9 infra\u010derven\u00e9 senzory) s automatickou kalibr\u00e1ciou a jeho cie\u013eom je presne indikova\u0165 koncentr\u00e1ciu v ppm v re\u00e1lnom \u010dase (presnos\u0165 \u00b1 60 ppm). Po\u010d\u00edtadlo \u010dast\u00edc Po\u010d\u00edta\u010d \u010dast\u00edc OberA dok\u00e1\u017ee mera\u0165 prachov\u00e9 \u010dastice PM0,3 a\u017e PM10 (\u010dastice od 0,3um do 10um). Monitoruje teplotu od 0 \u00b0C do 50 \u00b0C a relat\u00edvnu vlhkos\u0165. Pre\u010do mera\u0165 kvalitu m\u00f4jho ovzdu\u0161ia? Vzduch je pre \u010dloveka z\u00e1kladn\u00fdm prvkom a d\u00fdchanie zdrav\u00e9ho vzduchu je nevyhnutn\u00e9 pre &#8230; <\/p>\n<p class=\"read-more-container\"><a title=\"Analyz\u00e1tory vzduchu\" class=\"read-more button\" href=\"https:\/\/obera.fr\/sk\/produits\/analyseurs-air\/#more-48354\" aria-label=\"Pre\u010d\u00edtajte si viac o Analyz\u00e1tory vzduchu\">Lire la suite<\/a><\/p>\n","protected":false},"author":4,"featured_media":83749,"parent":37923,"menu_order":7,"comment_status":"closed","ping_status":"closed","template":"","meta":{"_acf_changed":false,"_seopress_robots_primary_cat":"","_seopress_titles_title":"Retrouvez tous nos analyseurs d\u2019air de la gamme oberA","_seopress_titles_desc":"OberA dispose d\u2019une gamme de 5 analyseurs d\u2019air. Ces appareils ont pour but de r\u00e9v\u00e9ler les diff\u00e9rents param\u00e8tres de l\u2019air pr\u00e9sent sur votre lieu de travail.","_seopress_robots_index":"","footnotes":""},"class_list":{"0":"post-48354","1":"page","2":"type-page","3":"status-publish","4":"has-post-thumbnail","6":"no-featured-image-padding","7":"resize-featured-image"},"acf":[],"_links":{"self":[{"href":"https:\/\/obera.fr\/sk\/wp-json\/wp\/v2\/pages\/48354","targetHints":{"allow":["GET"]}}],"collection":[{"href":"https:\/\/obera.fr\/sk\/wp-json\/wp\/v2\/pages"}],"about":[{"href":"https:\/\/obera.fr\/sk\/wp-json\/wp\/v2\/types\/page"}],"author":[{"embeddable":true,"href":"https:\/\/obera.fr\/sk\/wp-json\/wp\/v2\/users\/4"}],"replies":[{"embeddable":true,"href":"https:\/\/obera.fr\/sk\/wp-json\/wp\/v2\/comments?post=48354"}],"version-history":[{"count":5,"href":"https:\/\/obera.fr\/sk\/wp-json\/wp\/v2\/pages\/48354\/revisions"}],"predecessor-version":[{"id":63180,"href":"https:\/\/obera.fr\/sk\/wp-json\/wp\/v2\/pages\/48354\/revisions\/63180"}],"up":[{"embeddable":true,"href":"https:\/\/obera.fr\/sk\/wp-json\/wp\/v2\/pages\/37923"}],"wp:featuredmedia":[{"embeddable":true,"href":"https:\/\/obera.fr\/sk\/wp-json\/wp\/v2\/media\/83749"}],"wp:attachment":[{"href":"https:\/\/obera.fr\/sk\/wp-json\/wp\/v2\/media?parent=48354"}],"curies":[{"name":"wp","href":"https:\/\/api.w.org\/{rel}","templated":true}]}}

Analyzátory vzduchu

<p>Spoločnosť OberA má v ponuke 5 analyzátorov vzduchu. Účelom týchto zariadení je odhaliť rôzne parametre vzduchu prítomné na vašom pracovisku. </p>


<h2 class="wp-block-heading" id="les-produits-de-la-gamme-obera">Produkty radu OberA</h2>

<div class="wp-block-columns is-layout-flex wp-container-core-columns-is-layout-28f84493 wp-block-columns-is-layout-flex">
<div class="wp-block-column is-layout-flow wp-block-column-is-layout-flow">
<h3 class="wp-block-heading has-text-align-center" id="obcare"><a href="https://obera.fr/sk/produits/analyseurs-air/senzor-co2-obcare/">OBCARE</a></h3>



<figure class="wp-block-image aligncenter size-medium is-resized"><a href="https://obera.fr/produits/analyseurs-air/capteur-co2-obcare/"><img decoding="async" width="300" height="212" src="https://obera.fr/wp-content/uploads/2021/09/Capteur_CO2_OBCARE-2-300x212.png" alt="Senzor CO2 obcare" class="wp-image-6918" style="aspect-ratio:1.4180327868852458;width:216px;height:auto" srcset="https://obera.fr/wp-content/uploads/2021/09/Capteur_CO2_OBCARE-2-300x212.png 300w, https://obera.fr/wp-content/uploads/2021/09/Capteur_CO2_OBCARE-2-768x542.png 768w, https://obera.fr/wp-content/uploads/2021/09/Capteur_CO2_OBCARE-2.png 921w" sizes="(max-width: 300px) 100vw, 300px" /></a></figure>



<p></p>



<p><a href="https://obera.fr/sk/produits/analyseurs-air/senzor-co2-obcare/" data-type="page" data-id="6812"><strong>OBCARE </strong>je čistý senzor C02</a>. Využíva technológiu NDIR (nedisperzné infračervené senzory) s automatickou kalibráciou a jeho cieľom je presne indikovať koncentráciu v ppm v reálnom čase (presnosť ± 60 ppm). </p>
</div>



<div class="wp-block-column is-layout-flow wp-block-column-is-layout-flow">
<h3 class="wp-block-heading has-text-align-center" id="compteur-de-particules"><a href="https://obera.fr/sk/produits/analyseurs-air/pocitadlo-castic/">Počítadlo častíc</a></h3>



<figure class="wp-block-image aligncenter size-thumbnail"><a href="https://obera.fr/produits/analyseurs-air/compteur-particules/"><img decoding="async" width="150" height="150" src="https://obera.fr/wp-content/uploads/2020/08/compteur-de-particules-150x150.png" alt="Mera&#x10D; pevn&#xFD;ch &#x10D;ast&#xED;c" class="wp-image-714" srcset="https://obera.fr/wp-content/uploads/2020/08/compteur-de-particules-150x150.png 150w, https://obera.fr/wp-content/uploads/2020/08/compteur-de-particules-300x300.png 300w, https://obera.fr/wp-content/uploads/2020/08/compteur-de-particules.png 433w" sizes="(max-width: 150px) 100vw, 150px" /></a></figure>



<p><a href="https://obera.fr/sk/produits/analyseurs-air/pocitadlo-castic/" data-type="page" data-id="539">Počítač častíc OberA</a> dokáže merať prachové častice PM0,3 až PM10 (častice od 0,3um do 10um). Monitoruje teplotu od 0 °C do 50 °C a relatívnu vlhkosť. </p>
</div>
</div>

<div style="height:30px" aria-hidden="true" class="wp-block-spacer"></div>

<div class="wp-block-buttons is-horizontal is-content-justification-center is-layout-flex wp-container-core-buttons-is-layout-03627597 wp-block-buttons-is-layout-flex">
<div class="wp-block-button has-custom-width wp-block-button__width-100"><a class="wp-block-button__link wp-element-button" href="https://obera.fr/sk/kontaktujte-nas/">Več o tem</a></div>
</div>

<p></p>

<h2 class="wp-block-heading" id="pourquoi-mesurer-la-qualite-de-mon-air">Prečo merať kvalitu môjho ovzdušia?</h2>

<p>Vzduch je pre človeka základným prvkom a dýchanie zdravého vzduchu je nevyhnutné pre zdravie a pohodu zamestnancov. To zahŕňa analýzu vzduchu, ktorý dýchajú vaši zamestnanci, a rozhodnutie, či sa oplatí vybaviť vaše pracovisko systémom na úpravu vzduchu. </p>

<p>Táto analýza vzduchu odhalí aj typ znečisťujúcich látok prítomných na vašom pracovisku a úrovne ich koncentrácie, čo bude užitočné pri výbere filtrácie pre váš vzduchotechnický systém.</p>

<p>Spoločnosť OberA má v ponuke 5 analyzátorov vzduchu. Účelom týchto zariadení je odhaliť rôzne parametre vzduchu prítomné na vašom pracovisku. Produkty radu OberA OBCARE OBCARE je čistý senzor C02. Využíva technológiu NDIR (nedisperzné infračervené senzory) s automatickou kalibráciou a jeho cieľom je presne indikovať koncentráciu v ppm v reálnom čase (presnosť ± 60 ppm). Počítadlo častíc Počítač častíc OberA dokáže merať prachové častice PM0,3 až PM10 (častice od 0,3um do 10um). Monitoruje teplotu od 0 °C do 50 °C a relatívnu vlhkosť. Prečo merať kvalitu môjho ovzdušia? Vzduch je pre človeka základným prvkom a dýchanie zdravého vzduchu je nevyhnutné pre &#8230; </p>
<p class="read-more-container"><a title="Analyzátory vzduchu" class="read-more button" href="https://obera.fr/sk/produits/analyseurs-air/#more-48354" aria-label="Prečítajte si viac o Analyzátory vzduchu">Lire la suite</a></p>

OberA dispose d’une gamme de 5 analyseurs d’air. Ces appareils ont pour but de révéler les différents paramètres de l’air présent sur votre lieu de travail.
